{"id":997,"date":"2021-07-20T15:02:47","date_gmt":"2021-07-20T13:02:47","guid":{"rendered":"http:\/\/mairie-corcieux.fr\/?post_type=association&#038;p=997"},"modified":"2024-03-26T16:04:14","modified_gmt":"2024-03-26T15:04:14","slug":"afn-fnasemc-souvenir-des-evenements-du-maquis-de-corcieux-aca-anciens-combattants","status":"publish","type":"association","link":"https:\/\/mairie-corcieux.fr\/en\/association\/afn-fnasemc-souvenir-des-evenements-du-maquis-de-corcieux-aca-anciens-combattants\/","title":{"rendered":"ASEMC \u2013 Association du Souvenir des Ev\u00e9nements du Maquis de Corcieux"},"content":{"rendered":"\n<p><strong>Pr\u00e9sidente : <\/strong>R\u00e9gine Jacquemin<\/p>\n\n\n\n<p><strong>Email : <a href=\"mailto:gerine.jacquemin@orange.fr\" target=\"_blank\" rel=\"noreferrer noopener\">gerine.jacquemin@orange.fr<\/a>\u00a0<\/strong><\/p>\n\n\n\n<p><strong>Pr\u00e9sentation :<\/strong> V\u00e9hiculer le devoir de m\u00e9moire et en particuliers les \u00e9v\u00e9nements du 6 juin 1944. Faits d\u2019arme du Maquis de Corcieux, entretien et fleurissement des st\u00e8les et cr\u00e9ation de chemins de m\u00e9moire.\u00a0<\/p>\n","protected":false},"featured_media":0,"template":"","domaine":[63],"class_list":["post-997","association","type-association","status-publish","hentry","domaine-patriotisme"],"acf":[],"yoast_head":"<!-- This site is optimized with the Yoast SEO plugin v27.5 - https:\/\/yoast.com\/product\/yoast-seo-wordpress\/ -->\n<title>ASEMC \u2013 Association du Souvenir des Ev\u00e9nements du Maquis de Corcieux - Mairie Corcieux<\/title>\n<meta name=\"robots\" content=\"index, follow, max-snippet:-1, max-image-preview:large, max-video-preview:-1\" \/>\n<link rel=\"canonical\" href=\"https:\/\/mairie-corcieux.fr\/en\/association\/afn-fnasemc-souvenir-des-evenements-du-maquis-de-corcieux-aca-anciens-combattants\/\" \/>\n<meta property=\"og:locale\" content=\"en_US\" \/>\n<meta property=\"og:type\" content=\"article\" \/>\n<meta property=\"og:title\" content=\"ASEMC \u2013 Association du Souvenir des Ev\u00e9nements du Maquis de Corcieux - Mairie Corcieux\" \/>\n<meta property=\"og:description\" content=\"Pr\u00e9sidente : R\u00e9gine Jacquemin Email : gerine.jacquemin@orange.fr\u00a0 Pr\u00e9sentation : V\u00e9hiculer le devoir de m\u00e9moire et en particuliers les \u00e9v\u00e9nements du 6 juin 1944. Faits d\u2019arme du Maquis de Corcieux, entretien et fleurissement des st\u00e8les et cr\u00e9ation de chemins de m\u00e9moire.\u00a0\" \/>\n<meta property=\"og:url\" content=\"https:\/\/mairie-corcieux.fr\/en\/association\/afn-fnasemc-souvenir-des-evenements-du-maquis-de-corcieux-aca-anciens-combattants\/\" \/>\n<meta property=\"og:site_name\" content=\"Mairie Corcieux\" \/>\n<meta property=\"article:modified_time\" content=\"2024-03-26T15:04:14+00:00\" \/>\n<meta name=\"twitter:card\" content=\"summary_large_image\" \/>\n<meta name=\"twitter:label1\" content=\"Est. reading time\" \/>\n\t<meta name=\"twitter:data1\" content=\"1 minute\" \/>\n<script type=\"application\/ld+json\" class=\"yoast-schema-graph\">{\"@context\":\"https:\\\/\\\/schema.org\",\"@graph\":[{\"@type\":\"WebPage\",\"@id\":\"https:\\\/\\\/mairie-corcieux.fr\\\/en\\\/association\\\/afn-fnasemc-souvenir-des-evenements-du-maquis-de-corcieux-aca-anciens-combattants\\\/\",\"url\":\"https:\\\/\\\/mairie-corcieux.fr\\\/en\\\/association\\\/afn-fnasemc-souvenir-des-evenements-du-maquis-de-corcieux-aca-anciens-combattants\\\/\",\"name\":\"ASEMC \u2013 Association du Souvenir des Ev\u00e9nements du Maquis de Corcieux - Mairie Corcieux\",\"isPartOf\":{\"@id\":\"https:\\\/\\\/mairie-corcieux.fr\\\/en\\\/#website\"},\"datePublished\":\"2021-07-20T13:02:47+00:00\",\"dateModified\":\"2024-03-26T15:04:14+00:00\",\"breadcrumb\":{\"@id\":\"https:\\\/\\\/mairie-corcieux.fr\\\/en\\\/association\\\/afn-fnasemc-souvenir-des-evenements-du-maquis-de-corcieux-aca-anciens-combattants\\\/#breadcrumb\"},\"inLanguage\":\"en-US\",\"potentialAction\":[{\"@type\":\"ReadAction\",\"target\":[\"https:\\\/\\\/mairie-corcieux.fr\\\/en\\\/association\\\/afn-fnasemc-souvenir-des-evenements-du-maquis-de-corcieux-aca-anciens-combattants\\\/\"]}]},{\"@type\":\"BreadcrumbList\",\"@id\":\"https:\\\/\\\/mairie-corcieux.fr\\\/en\\\/association\\\/afn-fnasemc-souvenir-des-evenements-du-maquis-de-corcieux-aca-anciens-combattants\\\/#breadcrumb\",\"itemListElement\":[{\"@type\":\"ListItem\",\"position\":1,\"name\":\"Accueil\",\"item\":\"https:\\\/\\\/mairie-corcieux.fr\\\/en\\\/\"},{\"@type\":\"ListItem\",\"position\":2,\"name\":\"Associations\",\"item\":\"https:\\\/\\\/mairie-corcieux.fr\\\/en\\\/association\\\/\"},{\"@type\":\"ListItem\",\"position\":3,\"name\":\"ASEMC \u2013 Association du Souvenir des Ev\u00e9nements du Maquis de Corcieux\"}]},{\"@type\":\"WebSite\",\"@id\":\"https:\\\/\\\/mairie-corcieux.fr\\\/en\\\/#website\",\"url\":\"https:\\\/\\\/mairie-corcieux.fr\\\/en\\\/\",\"name\":\"Mairie Corcieux\",\"description\":\"Mairie de Corcieux - Vosges\",\"potentialAction\":[{\"@type\":\"SearchAction\",\"target\":{\"@type\":\"EntryPoint\",\"urlTemplate\":\"https:\\\/\\\/mairie-corcieux.fr\\\/en\\\/?s={search_term_string}\"},\"query-input\":{\"@type\":\"PropertyValueSpecification\",\"valueRequired\":true,\"valueName\":\"search_term_string\"}}],\"inLanguage\":\"en-US\"}]}<\/script>\n<!-- \/ Yoast SEO plugin. -->","yoast_head_json":{"title":"ASEMC \u2013 Association du Souvenir des Ev\u00e9nements du Maquis de Corcieux - Mairie Corcieux","robots":{"index":"index","follow":"follow","max-snippet":"max-snippet:-1","max-image-preview":"max-image-preview:large","max-video-preview":"max-video-preview:-1"},"canonical":"https:\/\/mairie-corcieux.fr\/en\/association\/afn-fnasemc-souvenir-des-evenements-du-maquis-de-corcieux-aca-anciens-combattants\/","og_locale":"en_US","og_type":"article","og_title":"ASEMC \u2013 Association du Souvenir des Ev\u00e9nements du Maquis de Corcieux - Mairie Corcieux","og_description":"Pr\u00e9sidente : R\u00e9gine Jacquemin Email : gerine.jacquemin@orange.fr\u00a0 Pr\u00e9sentation : V\u00e9hiculer le devoir de m\u00e9moire et en particuliers les \u00e9v\u00e9nements du 6 juin 1944. Faits d\u2019arme du Maquis de Corcieux, entretien et fleurissement des st\u00e8les et cr\u00e9ation de chemins de m\u00e9moire.\u00a0","og_url":"https:\/\/mairie-corcieux.fr\/en\/association\/afn-fnasemc-souvenir-des-evenements-du-maquis-de-corcieux-aca-anciens-combattants\/","og_site_name":"Mairie Corcieux","article_modified_time":"2024-03-26T15:04:14+00:00","twitter_card":"summary_large_image","twitter_misc":{"Est. reading time":"1 minute"},"schema":{"@context":"https:\/\/schema.org","@graph":[{"@type":"WebPage","@id":"https:\/\/mairie-corcieux.fr\/en\/association\/afn-fnasemc-souvenir-des-evenements-du-maquis-de-corcieux-aca-anciens-combattants\/","url":"https:\/\/mairie-corcieux.fr\/en\/association\/afn-fnasemc-souvenir-des-evenements-du-maquis-de-corcieux-aca-anciens-combattants\/","name":"ASEMC \u2013 Association du Souvenir des Ev\u00e9nements du Maquis de Corcieux - Mairie Corcieux","isPartOf":{"@id":"https:\/\/mairie-corcieux.fr\/en\/#website"},"datePublished":"2021-07-20T13:02:47+00:00","dateModified":"2024-03-26T15:04:14+00:00","breadcrumb":{"@id":"https:\/\/mairie-corcieux.fr\/en\/association\/afn-fnasemc-souvenir-des-evenements-du-maquis-de-corcieux-aca-anciens-combattants\/#breadcrumb"},"inLanguage":"en-US","potentialAction":[{"@type":"ReadAction","target":["https:\/\/mairie-corcieux.fr\/en\/association\/afn-fnasemc-souvenir-des-evenements-du-maquis-de-corcieux-aca-anciens-combattants\/"]}]},{"@type":"BreadcrumbList","@id":"https:\/\/mairie-corcieux.fr\/en\/association\/afn-fnasemc-souvenir-des-evenements-du-maquis-de-corcieux-aca-anciens-combattants\/#breadcrumb","itemListElement":[{"@type":"ListItem","position":1,"name":"Accueil","item":"https:\/\/mairie-corcieux.fr\/en\/"},{"@type":"ListItem","position":2,"name":"Associations","item":"https:\/\/mairie-corcieux.fr\/en\/association\/"},{"@type":"ListItem","position":3,"name":"ASEMC \u2013 Association du Souvenir des Ev\u00e9nements du Maquis de Corcieux"}]},{"@type":"WebSite","@id":"https:\/\/mairie-corcieux.fr\/en\/#website","url":"https:\/\/mairie-corcieux.fr\/en\/","name":"Mairie Corcieux","description":"Mairie de Corcieux - Vosges","potentialAction":[{"@type":"SearchAction","target":{"@type":"EntryPoint","urlTemplate":"https:\/\/mairie-corcieux.fr\/en\/?s={search_term_string}"},"query-input":{"@type":"PropertyValueSpecification","valueRequired":true,"valueName":"search_term_string"}}],"inLanguage":"en-US"}]}},"jetpack_sharing_enabled":true,"_links":{"self":[{"href":"https:\/\/mairie-corcieux.fr\/en\/wp-json\/wp\/v2\/association\/997","targetHints":{"allow":["GET"]}}],"collection":[{"href":"https:\/\/mairie-corcieux.fr\/en\/wp-json\/wp\/v2\/association"}],"about":[{"href":"https:\/\/mairie-corcieux.fr\/en\/wp-json\/wp\/v2\/types\/association"}],"wp:attachment":[{"href":"https:\/\/mairie-corcieux.fr\/en\/wp-json\/wp\/v2\/media?parent=997"}],"wp:term":[{"taxonomy":"domaine","embeddable":true,"href":"https:\/\/mairie-corcieux.fr\/en\/wp-json\/wp\/v2\/domaine?post=997"}],"curies":[{"name":"wp","href":"https:\/\/api.w.org\/{rel}","templated":true}]}}

ASEMC – Association du Souvenir des Evénements du Maquis de Corcieux

<p><strong>Présidente : </strong>Régine Jacquemin</p>



<p><strong>Email : <a href="mailto:gerine.jacquemin@orange.fr" target="_blank" rel="noreferrer noopener">gerine.jacquemin@orange.fr</a> </strong></p>



<p><strong>Présentation :</strong> Véhiculer le devoir de mémoire et en particuliers les événements du 6 juin 1944. Faits d’arme du Maquis de Corcieux, entretien et fleurissement des stèles et création de chemins de mémoire. </p>

<!-- This site is optimized with the Yoast SEO plugin v27.5 - https://yoast.com/product/yoast-seo-wordpress/ -->
<title>ASEMC – Association du Souvenir des Evénements du Maquis de Corcieux - Mairie Corcieux</title>
<meta name="robots" content="index, follow, max-snippet:-1, max-image-preview:large, max-video-preview:-1" />
<link rel="canonical" href="https://mairie-corcieux.fr/en/association/afn-fnasemc-souvenir-des-evenements-du-maquis-de-corcieux-aca-anciens-combattants/" />
<meta property="og:locale" content="en_US" />
<meta property="og:type" content="article" />
<meta property="og:title" content="ASEMC – Association du Souvenir des Evénements du Maquis de Corcieux - Mairie Corcieux" />
<meta property="og:description" content="Présidente : Régine Jacquemin Email : gerine.jacquemin@orange.fr  Présentation : Véhiculer le devoir de mémoire et en particuliers les événements du 6 juin 1944. Faits d’arme du Maquis de Corcieux, entretien et fleurissement des stèles et création de chemins de mémoire. " />
<meta property="og:url" content="https://mairie-corcieux.fr/en/association/afn-fnasemc-souvenir-des-evenements-du-maquis-de-corcieux-aca-anciens-combattants/" />
<meta property="og:site_name" content="Mairie Corcieux" />
<meta property="article:modified_time" content="2024-03-26T15:04:14+00:00" />
<meta name="twitter:card" content="summary_large_image" />
<meta name="twitter:label1" content="Est. reading time" />
	<meta name="twitter:data1" content="1 minute" />
<script type="application/ld+json" class="yoast-schema-graph">{"@context":"https:\/\/schema.org","@graph":[{"@type":"WebPage","@id":"https:\/\/mairie-corcieux.fr\/en\/association\/afn-fnasemc-souvenir-des-evenements-du-maquis-de-corcieux-aca-anciens-combattants\/","url":"https:\/\/mairie-corcieux.fr\/en\/association\/afn-fnasemc-souvenir-des-evenements-du-maquis-de-corcieux-aca-anciens-combattants\/","name":"ASEMC – Association du Souvenir des Evénements du Maquis de Corcieux - Mairie Corcieux","isPartOf":{"@id":"https:\/\/mairie-corcieux.fr\/en\/#website"},"datePublished":"2021-07-20T13:02:47+00:00","dateModified":"2024-03-26T15:04:14+00:00","breadcrumb":{"@id":"https:\/\/mairie-corcieux.fr\/en\/association\/afn-fnasemc-souvenir-des-evenements-du-maquis-de-corcieux-aca-anciens-combattants\/#breadcrumb"},"inLanguage":"en-US","potentialAction":[{"@type":"ReadAction","target":["https:\/\/mairie-corcieux.fr\/en\/association\/afn-fnasemc-souvenir-des-evenements-du-maquis-de-corcieux-aca-anciens-combattants\/"]}]},{"@type":"BreadcrumbList","@id":"https:\/\/mairie-corcieux.fr\/en\/association\/afn-fnasemc-souvenir-des-evenements-du-maquis-de-corcieux-aca-anciens-combattants\/#breadcrumb","itemListElement":[{"@type":"ListItem","position":1,"name":"Accueil","item":"https:\/\/mairie-corcieux.fr\/en\/"},{"@type":"ListItem","position":2,"name":"Associations","item":"https:\/\/mairie-corcieux.fr\/en\/association\/"},{"@type":"ListItem","position":3,"name":"ASEMC – Association du Souvenir des Evénements du Maquis de Corcieux"}]},{"@type":"WebSite","@id":"https:\/\/mairie-corcieux.fr\/en\/#website","url":"https:\/\/mairie-corcieux.fr\/en\/","name":"Mairie Corcieux","description":"Mairie de Corcieux - Vosges","potentialAction":[{"@type":"SearchAction","target":{"@type":"EntryPoint","urlTemplate":"https:\/\/mairie-corcieux.fr\/en\/?s={search_term_string}"},"query-input":{"@type":"PropertyValueSpecification","valueRequired":true,"valueName":"search_term_string"}}],"inLanguage":"en-US"}]}</script>
<!-- / Yoast SEO plugin. -->

ASEMC – Association du Souvenir des Evénements du Maquis de Corcieux - Mairie Corcieux

Présidente : Régine Jacquemin Email : gerine.jacquemin@orange.fr  Présentation : Véhiculer le devoir de mémoire et en particuliers les événements du 6 juin 1944. Faits d’arme du Maquis de Corcieux, entretien et fleurissement des stèles et création de chemins de mémoire.
