{"id":996,"date":"2021-07-20T15:02:23","date_gmt":"2021-07-20T13:02:23","guid":{"rendered":"http:\/\/mairie-corcieux.fr\/?post_type=association&#038;p=996"},"modified":"2022-02-09T14:56:17","modified_gmt":"2022-02-09T13:56:17","slug":"unc-afn-anciens-combattants","status":"publish","type":"association","link":"https:\/\/mairie-corcieux.fr\/en\/association\/unc-afn-anciens-combattants\/","title":{"rendered":"UNC \u2013 AFN \u2013 Anciens combattants"},"content":{"rendered":"\n<p><strong>Pr\u00e9sident : <\/strong>CLAVIER Jacques\u00a0<\/p>\n\n\n\n<p><strong>Email :<\/strong> <a href=\"mailto:clavier.jf@wanadoo.fr\" target=\"_blank\" rel=\"noreferrer noopener\">clavier.jf@wanadoo.fr<\/a>\u00a0<\/p>\n\n\n\n<p><strong>Pr\u00e9sentation :<\/strong> Participation \u00e0 toutes les c\u00e9r\u00e9monies patriotiques \u2013 solidarit\u00e9 entre les membres.\u00a0<\/p>\n","protected":false},"featured_media":0,"template":"","domaine":[63],"class_list":["post-996","association","type-association","status-publish","hentry","domaine-patriotisme"],"acf":[],"yoast_head":"<!-- This site is optimized with the Yoast SEO plugin v27.5 - https:\/\/yoast.com\/product\/yoast-seo-wordpress\/ -->\n<title>UNC \u2013 AFN \u2013 Anciens combattants - Mairie Corcieux<\/title>\n<meta name=\"robots\" content=\"index, follow, max-snippet:-1, max-image-preview:large, max-video-preview:-1\" \/>\n<link rel=\"canonical\" href=\"https:\/\/mairie-corcieux.fr\/en\/association\/unc-afn-anciens-combattants\/\" \/>\n<meta property=\"og:locale\" content=\"en_US\" \/>\n<meta property=\"og:type\" content=\"article\" \/>\n<meta property=\"og:title\" content=\"UNC \u2013 AFN \u2013 Anciens combattants - Mairie Corcieux\" \/>\n<meta property=\"og:description\" content=\"Pr\u00e9sident : CLAVIER Jacques\u00a0 Email : clavier.jf@wanadoo.fr\u00a0 Pr\u00e9sentation : Participation \u00e0 toutes les c\u00e9r\u00e9monies patriotiques \u2013 solidarit\u00e9 entre les membres.\u00a0\" \/>\n<meta property=\"og:url\" content=\"https:\/\/mairie-corcieux.fr\/en\/association\/unc-afn-anciens-combattants\/\" \/>\n<meta property=\"og:site_name\" content=\"Mairie Corcieux\" \/>\n<meta property=\"article:modified_time\" content=\"2022-02-09T13:56:17+00:00\" \/>\n<meta name=\"twitter:card\" content=\"summary_large_image\" \/>\n<meta name=\"twitter:label1\" content=\"Est. reading time\" \/>\n\t<meta name=\"twitter:data1\" content=\"1 minute\" \/>\n<script type=\"application\/ld+json\" class=\"yoast-schema-graph\">{\"@context\":\"https:\\\/\\\/schema.org\",\"@graph\":[{\"@type\":\"WebPage\",\"@id\":\"https:\\\/\\\/mairie-corcieux.fr\\\/en\\\/association\\\/unc-afn-anciens-combattants\\\/\",\"url\":\"https:\\\/\\\/mairie-corcieux.fr\\\/en\\\/association\\\/unc-afn-anciens-combattants\\\/\",\"name\":\"UNC \u2013 AFN \u2013 Anciens combattants - Mairie Corcieux\",\"isPartOf\":{\"@id\":\"https:\\\/\\\/mairie-corcieux.fr\\\/en\\\/#website\"},\"datePublished\":\"2021-07-20T13:02:23+00:00\",\"dateModified\":\"2022-02-09T13:56:17+00:00\",\"breadcrumb\":{\"@id\":\"https:\\\/\\\/mairie-corcieux.fr\\\/en\\\/association\\\/unc-afn-anciens-combattants\\\/#breadcrumb\"},\"inLanguage\":\"en-US\",\"potentialAction\":[{\"@type\":\"ReadAction\",\"target\":[\"https:\\\/\\\/mairie-corcieux.fr\\\/en\\\/association\\\/unc-afn-anciens-combattants\\\/\"]}]},{\"@type\":\"BreadcrumbList\",\"@id\":\"https:\\\/\\\/mairie-corcieux.fr\\\/en\\\/association\\\/unc-afn-anciens-combattants\\\/#breadcrumb\",\"itemListElement\":[{\"@type\":\"ListItem\",\"position\":1,\"name\":\"Accueil\",\"item\":\"https:\\\/\\\/mairie-corcieux.fr\\\/en\\\/\"},{\"@type\":\"ListItem\",\"position\":2,\"name\":\"Associations\",\"item\":\"https:\\\/\\\/mairie-corcieux.fr\\\/en\\\/association\\\/\"},{\"@type\":\"ListItem\",\"position\":3,\"name\":\"UNC \u2013 AFN \u2013 Anciens combattants\"}]},{\"@type\":\"WebSite\",\"@id\":\"https:\\\/\\\/mairie-corcieux.fr\\\/en\\\/#website\",\"url\":\"https:\\\/\\\/mairie-corcieux.fr\\\/en\\\/\",\"name\":\"Mairie Corcieux\",\"description\":\"Mairie de Corcieux - Vosges\",\"potentialAction\":[{\"@type\":\"SearchAction\",\"target\":{\"@type\":\"EntryPoint\",\"urlTemplate\":\"https:\\\/\\\/mairie-corcieux.fr\\\/en\\\/?s={search_term_string}\"},\"query-input\":{\"@type\":\"PropertyValueSpecification\",\"valueRequired\":true,\"valueName\":\"search_term_string\"}}],\"inLanguage\":\"en-US\"}]}<\/script>\n<!-- \/ Yoast SEO plugin. -->","yoast_head_json":{"title":"UNC \u2013 AFN \u2013 Anciens combattants - Mairie Corcieux","robots":{"index":"index","follow":"follow","max-snippet":"max-snippet:-1","max-image-preview":"max-image-preview:large","max-video-preview":"max-video-preview:-1"},"canonical":"https:\/\/mairie-corcieux.fr\/en\/association\/unc-afn-anciens-combattants\/","og_locale":"en_US","og_type":"article","og_title":"UNC \u2013 AFN \u2013 Anciens combattants - Mairie Corcieux","og_description":"Pr\u00e9sident : CLAVIER Jacques\u00a0 Email : clavier.jf@wanadoo.fr\u00a0 Pr\u00e9sentation : Participation \u00e0 toutes les c\u00e9r\u00e9monies patriotiques \u2013 solidarit\u00e9 entre les membres.\u00a0","og_url":"https:\/\/mairie-corcieux.fr\/en\/association\/unc-afn-anciens-combattants\/","og_site_name":"Mairie Corcieux","article_modified_time":"2022-02-09T13:56:17+00:00","twitter_card":"summary_large_image","twitter_misc":{"Est. reading time":"1 minute"},"schema":{"@context":"https:\/\/schema.org","@graph":[{"@type":"WebPage","@id":"https:\/\/mairie-corcieux.fr\/en\/association\/unc-afn-anciens-combattants\/","url":"https:\/\/mairie-corcieux.fr\/en\/association\/unc-afn-anciens-combattants\/","name":"UNC \u2013 AFN \u2013 Anciens combattants - Mairie Corcieux","isPartOf":{"@id":"https:\/\/mairie-corcieux.fr\/en\/#website"},"datePublished":"2021-07-20T13:02:23+00:00","dateModified":"2022-02-09T13:56:17+00:00","breadcrumb":{"@id":"https:\/\/mairie-corcieux.fr\/en\/association\/unc-afn-anciens-combattants\/#breadcrumb"},"inLanguage":"en-US","potentialAction":[{"@type":"ReadAction","target":["https:\/\/mairie-corcieux.fr\/en\/association\/unc-afn-anciens-combattants\/"]}]},{"@type":"BreadcrumbList","@id":"https:\/\/mairie-corcieux.fr\/en\/association\/unc-afn-anciens-combattants\/#breadcrumb","itemListElement":[{"@type":"ListItem","position":1,"name":"Accueil","item":"https:\/\/mairie-corcieux.fr\/en\/"},{"@type":"ListItem","position":2,"name":"Associations","item":"https:\/\/mairie-corcieux.fr\/en\/association\/"},{"@type":"ListItem","position":3,"name":"UNC \u2013 AFN \u2013 Anciens combattants"}]},{"@type":"WebSite","@id":"https:\/\/mairie-corcieux.fr\/en\/#website","url":"https:\/\/mairie-corcieux.fr\/en\/","name":"Mairie Corcieux","description":"Mairie de Corcieux - Vosges","potentialAction":[{"@type":"SearchAction","target":{"@type":"EntryPoint","urlTemplate":"https:\/\/mairie-corcieux.fr\/en\/?s={search_term_string}"},"query-input":{"@type":"PropertyValueSpecification","valueRequired":true,"valueName":"search_term_string"}}],"inLanguage":"en-US"}]}},"jetpack_sharing_enabled":true,"_links":{"self":[{"href":"https:\/\/mairie-corcieux.fr\/en\/wp-json\/wp\/v2\/association\/996","targetHints":{"allow":["GET"]}}],"collection":[{"href":"https:\/\/mairie-corcieux.fr\/en\/wp-json\/wp\/v2\/association"}],"about":[{"href":"https:\/\/mairie-corcieux.fr\/en\/wp-json\/wp\/v2\/types\/association"}],"wp:attachment":[{"href":"https:\/\/mairie-corcieux.fr\/en\/wp-json\/wp\/v2\/media?parent=996"}],"wp:term":[{"taxonomy":"domaine","embeddable":true,"href":"https:\/\/mairie-corcieux.fr\/en\/wp-json\/wp\/v2\/domaine?post=996"}],"curies":[{"name":"wp","href":"https:\/\/api.w.org\/{rel}","templated":true}]}}

<p><strong>Président : </strong>CLAVIER Jacques </p>



<p><strong>Email :</strong> <a href="mailto:clavier.jf@wanadoo.fr" target="_blank" rel="noreferrer noopener">clavier.jf@wanadoo.fr</a> </p>



<p><strong>Présentation :</strong> Participation à toutes les cérémonies patriotiques – solidarité entre les membres. </p>

<!-- This site is optimized with the Yoast SEO plugin v27.5 - https://yoast.com/product/yoast-seo-wordpress/ -->
<title>UNC – AFN – Anciens combattants - Mairie Corcieux</title>
<meta name="robots" content="index, follow, max-snippet:-1, max-image-preview:large, max-video-preview:-1" />
<link rel="canonical" href="https://mairie-corcieux.fr/en/association/unc-afn-anciens-combattants/" />
<meta property="og:locale" content="en_US" />
<meta property="og:type" content="article" />
<meta property="og:title" content="UNC – AFN – Anciens combattants - Mairie Corcieux" />
<meta property="og:description" content="Président : CLAVIER Jacques  Email : clavier.jf@wanadoo.fr  Présentation : Participation à toutes les cérémonies patriotiques – solidarité entre les membres. " />
<meta property="og:url" content="https://mairie-corcieux.fr/en/association/unc-afn-anciens-combattants/" />
<meta property="og:site_name" content="Mairie Corcieux" />
<meta property="article:modified_time" content="2022-02-09T13:56:17+00:00" />
<meta name="twitter:card" content="summary_large_image" />
<meta name="twitter:label1" content="Est. reading time" />
	<meta name="twitter:data1" content="1 minute" />
<script type="application/ld+json" class="yoast-schema-graph">{"@context":"https:\/\/schema.org","@graph":[{"@type":"WebPage","@id":"https:\/\/mairie-corcieux.fr\/en\/association\/unc-afn-anciens-combattants\/","url":"https:\/\/mairie-corcieux.fr\/en\/association\/unc-afn-anciens-combattants\/","name":"UNC – AFN – Anciens combattants - Mairie Corcieux","isPartOf":{"@id":"https:\/\/mairie-corcieux.fr\/en\/#website"},"datePublished":"2021-07-20T13:02:23+00:00","dateModified":"2022-02-09T13:56:17+00:00","breadcrumb":{"@id":"https:\/\/mairie-corcieux.fr\/en\/association\/unc-afn-anciens-combattants\/#breadcrumb"},"inLanguage":"en-US","potentialAction":[{"@type":"ReadAction","target":["https:\/\/mairie-corcieux.fr\/en\/association\/unc-afn-anciens-combattants\/"]}]},{"@type":"BreadcrumbList","@id":"https:\/\/mairie-corcieux.fr\/en\/association\/unc-afn-anciens-combattants\/#breadcrumb","itemListElement":[{"@type":"ListItem","position":1,"name":"Accueil","item":"https:\/\/mairie-corcieux.fr\/en\/"},{"@type":"ListItem","position":2,"name":"Associations","item":"https:\/\/mairie-corcieux.fr\/en\/association\/"},{"@type":"ListItem","position":3,"name":"UNC – AFN – Anciens combattants"}]},{"@type":"WebSite","@id":"https:\/\/mairie-corcieux.fr\/en\/#website","url":"https:\/\/mairie-corcieux.fr\/en\/","name":"Mairie Corcieux","description":"Mairie de Corcieux - Vosges","potentialAction":[{"@type":"SearchAction","target":{"@type":"EntryPoint","urlTemplate":"https:\/\/mairie-corcieux.fr\/en\/?s={search_term_string}"},"query-input":{"@type":"PropertyValueSpecification","valueRequired":true,"valueName":"search_term_string"}}],"inLanguage":"en-US"}]}</script>
<!-- / Yoast SEO plugin. -->

Président : CLAVIER Jacques  Email : clavier.jf@wanadoo.fr  Présentation : Participation à toutes les cérémonies patriotiques – solidarité entre les membres.
