{"id":985,"date":"2021-07-20T14:50:40","date_gmt":"2021-07-20T12:50:40","guid":{"rendered":"http:\/\/mairie-corcieux.fr\/?post_type=association&#038;p=985"},"modified":"2024-10-11T11:46:09","modified_gmt":"2024-10-11T09:46:09","slug":"caps-corcieux-gymnastique-adulte","status":"publish","type":"association","link":"https:\/\/mairie-corcieux.fr\/en\/association\/caps-corcieux-gymnastique-adulte\/","title":{"rendered":"CAPS Corcieux \u2013 gymnastique adulte"},"content":{"rendered":"\n<p><strong>Pr\u00e9sident :<\/strong> THI\u00c9RY \u00c9lisabeth<\/p>\n\n\n\n<p><strong>Email : <\/strong>capsforfelais_88430@orange.fr<\/p>\n\n\n\n<p><strong><u>Renseignements- contacts:\u00a0<\/u><\/strong>au 06\u00a073\u00a057\u00a018\u00a044 ou au 07\u00a083\u00a021\u00a042\u00a050<\/p>\n\n\n\n<p><strong>Pr\u00e9sentation :<\/strong> Club d&#8217;activit\u00e9s physiques,\u00a0<strong>\u00a0gymnastique d&#8217;entretien pour adultes\u00a0<\/strong>(autonomes)\u00a0pour\u00a0<strong>tous et toutes<\/strong>, sans limite d&#8217;\u00e2ge.<\/p>\n\n\n\n<p><strong>QUAND ?<\/strong> Les s\u00e9ances ont lieu\u00a0<strong>tous les vendredis<\/strong>\u00a0<strong>de 18h \u00e0 19h<\/strong>\u00a0(sauf\u00a0pendant les petites et grandes vacances scolaires) au\u00a0<strong>gymnase intercommunal<\/strong>\u00a0(\u201csalle des tapis\u201d) \u00e0 Corcieux 136 rue des Sports.<\/p>\n\n\n\n<p><strong>La saison suit l&#8217;ann\u00e9e scolaire<\/strong>, d\u00e9bute en septembre pour un cycle de\u00a0<strong>30\u00a0s\u00e9ances,<\/strong>\u00a0se termine fin juin-d\u00e9but juillet. Les inscriptions sont toujours possible en cours d&#8217;ann\u00e9e, le montant de la licence f\u00e9d\u00e9rale FFEPGV *\u00a0 est d\u00fb en entier. <\/p>\n\n\n\n<p><em>* FFEPGV -F\u00e9d\u00e9ration Fran\u00e7aise d&#8217;\u00c9ducation Physique et de Gymnastique Volontaire<\/em><\/p>\n\n\n\n<p>Anim\u00e9es par Nathalie Grousset, titulaire du CQP certificat de qualification professionnelle option activit\u00e9s gymniques d&#8217;entretien et d&#8217;expression.<\/p>\n\n\n\n<p><em>Variation d&#8217;exercices: \u00e9chauffement Ta\u00ef-chi, pilates, renforcement musculaire,\u00a0 Cuisses-Abdo-Fessiers, cardio, gainage.\u00a0<\/em><\/p>\n","protected":false},"featured_media":0,"template":"","domaine":[17],"class_list":["post-985","association","type-association","status-publish","hentry","domaine-sport"],"acf":[],"yoast_head":"<!-- This site is optimized with the Yoast SEO plugin v27.5 - https:\/\/yoast.com\/product\/yoast-seo-wordpress\/ -->\n<title>CAPS Corcieux \u2013 gymnastique adulte - Mairie Corcieux<\/title>\n<meta name=\"robots\" content=\"index, follow, max-snippet:-1, max-image-preview:large, max-video-preview:-1\" \/>\n<link rel=\"canonical\" href=\"https:\/\/mairie-corcieux.fr\/en\/association\/caps-corcieux-gymnastique-adulte\/\" \/>\n<meta property=\"og:locale\" content=\"en_US\" \/>\n<meta property=\"og:type\" content=\"article\" \/>\n<meta property=\"og:title\" content=\"CAPS Corcieux \u2013 gymnastique adulte - Mairie Corcieux\" \/>\n<meta property=\"og:description\" content=\"Pr\u00e9sident : THI\u00c9RY \u00c9lisabeth Email : capsforfelais_88430@orange.fr Renseignements- contacts:\u00a0au 06\u00a073\u00a057\u00a018\u00a044 ou au 07\u00a083\u00a021\u00a042\u00a050 Pr\u00e9sentation : Club d&#8217;activit\u00e9s physiques,\u00a0\u00a0gymnastique d&#8217;entretien pour adultes\u00a0(autonomes)\u00a0pour\u00a0tous et toutes, sans limite d&#8217;\u00e2ge. QUAND ? Les s\u00e9ances ont lieu\u00a0tous les vendredis\u00a0de 18h \u00e0 19h\u00a0(sauf\u00a0pendant les petites et grandes vacances scolaires) au\u00a0gymnase intercommunal\u00a0(\u201csalle des tapis\u201d) \u00e0 Corcieux 136 rue des Sports. La saison [&hellip;]\" \/>\n<meta property=\"og:url\" content=\"https:\/\/mairie-corcieux.fr\/en\/association\/caps-corcieux-gymnastique-adulte\/\" \/>\n<meta property=\"og:site_name\" content=\"Mairie Corcieux\" \/>\n<meta property=\"article:modified_time\" content=\"2024-10-11T09:46:09+00:00\" \/>\n<meta name=\"twitter:card\" content=\"summary_large_image\" \/>\n<meta name=\"twitter:label1\" content=\"Est. reading time\" \/>\n\t<meta name=\"twitter:data1\" content=\"1 minute\" \/>\n<script type=\"application\/ld+json\" class=\"yoast-schema-graph\">{\"@context\":\"https:\\\/\\\/schema.org\",\"@graph\":[{\"@type\":\"WebPage\",\"@id\":\"https:\\\/\\\/mairie-corcieux.fr\\\/en\\\/association\\\/caps-corcieux-gymnastique-adulte\\\/\",\"url\":\"https:\\\/\\\/mairie-corcieux.fr\\\/en\\\/association\\\/caps-corcieux-gymnastique-adulte\\\/\",\"name\":\"CAPS Corcieux \u2013 gymnastique adulte - Mairie Corcieux\",\"isPartOf\":{\"@id\":\"https:\\\/\\\/mairie-corcieux.fr\\\/en\\\/#website\"},\"datePublished\":\"2021-07-20T12:50:40+00:00\",\"dateModified\":\"2024-10-11T09:46:09+00:00\",\"breadcrumb\":{\"@id\":\"https:\\\/\\\/mairie-corcieux.fr\\\/en\\\/association\\\/caps-corcieux-gymnastique-adulte\\\/#breadcrumb\"},\"inLanguage\":\"en-US\",\"potentialAction\":[{\"@type\":\"ReadAction\",\"target\":[\"https:\\\/\\\/mairie-corcieux.fr\\\/en\\\/association\\\/caps-corcieux-gymnastique-adulte\\\/\"]}]},{\"@type\":\"BreadcrumbList\",\"@id\":\"https:\\\/\\\/mairie-corcieux.fr\\\/en\\\/association\\\/caps-corcieux-gymnastique-adulte\\\/#breadcrumb\",\"itemListElement\":[{\"@type\":\"ListItem\",\"position\":1,\"name\":\"Accueil\",\"item\":\"https:\\\/\\\/mairie-corcieux.fr\\\/en\\\/\"},{\"@type\":\"ListItem\",\"position\":2,\"name\":\"Associations\",\"item\":\"https:\\\/\\\/mairie-corcieux.fr\\\/en\\\/association\\\/\"},{\"@type\":\"ListItem\",\"position\":3,\"name\":\"CAPS Corcieux \u2013 gymnastique adulte\"}]},{\"@type\":\"WebSite\",\"@id\":\"https:\\\/\\\/mairie-corcieux.fr\\\/en\\\/#website\",\"url\":\"https:\\\/\\\/mairie-corcieux.fr\\\/en\\\/\",\"name\":\"Mairie Corcieux\",\"description\":\"Mairie de Corcieux - Vosges\",\"potentialAction\":[{\"@type\":\"SearchAction\",\"target\":{\"@type\":\"EntryPoint\",\"urlTemplate\":\"https:\\\/\\\/mairie-corcieux.fr\\\/en\\\/?s={search_term_string}\"},\"query-input\":{\"@type\":\"PropertyValueSpecification\",\"valueRequired\":true,\"valueName\":\"search_term_string\"}}],\"inLanguage\":\"en-US\"}]}<\/script>\n<!-- \/ Yoast SEO plugin. -->","yoast_head_json":{"title":"CAPS Corcieux \u2013 gymnastique adulte - Mairie Corcieux","robots":{"index":"index","follow":"follow","max-snippet":"max-snippet:-1","max-image-preview":"max-image-preview:large","max-video-preview":"max-video-preview:-1"},"canonical":"https:\/\/mairie-corcieux.fr\/en\/association\/caps-corcieux-gymnastique-adulte\/","og_locale":"en_US","og_type":"article","og_title":"CAPS Corcieux \u2013 gymnastique adulte - Mairie Corcieux","og_description":"Pr\u00e9sident : THI\u00c9RY \u00c9lisabeth Email : capsforfelais_88430@orange.fr Renseignements- contacts:\u00a0au 06\u00a073\u00a057\u00a018\u00a044 ou au 07\u00a083\u00a021\u00a042\u00a050 Pr\u00e9sentation : Club d&#8217;activit\u00e9s physiques,\u00a0\u00a0gymnastique d&#8217;entretien pour adultes\u00a0(autonomes)\u00a0pour\u00a0tous et toutes, sans limite d&#8217;\u00e2ge. QUAND ? Les s\u00e9ances ont lieu\u00a0tous les vendredis\u00a0de 18h \u00e0 19h\u00a0(sauf\u00a0pendant les petites et grandes vacances scolaires) au\u00a0gymnase intercommunal\u00a0(\u201csalle des tapis\u201d) \u00e0 Corcieux 136 rue des Sports. La saison [&hellip;]","og_url":"https:\/\/mairie-corcieux.fr\/en\/association\/caps-corcieux-gymnastique-adulte\/","og_site_name":"Mairie Corcieux","article_modified_time":"2024-10-11T09:46:09+00:00","twitter_card":"summary_large_image","twitter_misc":{"Est. reading time":"1 minute"},"schema":{"@context":"https:\/\/schema.org","@graph":[{"@type":"WebPage","@id":"https:\/\/mairie-corcieux.fr\/en\/association\/caps-corcieux-gymnastique-adulte\/","url":"https:\/\/mairie-corcieux.fr\/en\/association\/caps-corcieux-gymnastique-adulte\/","name":"CAPS Corcieux \u2013 gymnastique adulte - Mairie Corcieux","isPartOf":{"@id":"https:\/\/mairie-corcieux.fr\/en\/#website"},"datePublished":"2021-07-20T12:50:40+00:00","dateModified":"2024-10-11T09:46:09+00:00","breadcrumb":{"@id":"https:\/\/mairie-corcieux.fr\/en\/association\/caps-corcieux-gymnastique-adulte\/#breadcrumb"},"inLanguage":"en-US","potentialAction":[{"@type":"ReadAction","target":["https:\/\/mairie-corcieux.fr\/en\/association\/caps-corcieux-gymnastique-adulte\/"]}]},{"@type":"BreadcrumbList","@id":"https:\/\/mairie-corcieux.fr\/en\/association\/caps-corcieux-gymnastique-adulte\/#breadcrumb","itemListElement":[{"@type":"ListItem","position":1,"name":"Accueil","item":"https:\/\/mairie-corcieux.fr\/en\/"},{"@type":"ListItem","position":2,"name":"Associations","item":"https:\/\/mairie-corcieux.fr\/en\/association\/"},{"@type":"ListItem","position":3,"name":"CAPS Corcieux \u2013 gymnastique adulte"}]},{"@type":"WebSite","@id":"https:\/\/mairie-corcieux.fr\/en\/#website","url":"https:\/\/mairie-corcieux.fr\/en\/","name":"Mairie Corcieux","description":"Mairie de Corcieux - Vosges","potentialAction":[{"@type":"SearchAction","target":{"@type":"EntryPoint","urlTemplate":"https:\/\/mairie-corcieux.fr\/en\/?s={search_term_string}"},"query-input":{"@type":"PropertyValueSpecification","valueRequired":true,"valueName":"search_term_string"}}],"inLanguage":"en-US"}]}},"jetpack_sharing_enabled":true,"_links":{"self":[{"href":"https:\/\/mairie-corcieux.fr\/en\/wp-json\/wp\/v2\/association\/985","targetHints":{"allow":["GET"]}}],"collection":[{"href":"https:\/\/mairie-corcieux.fr\/en\/wp-json\/wp\/v2\/association"}],"about":[{"href":"https:\/\/mairie-corcieux.fr\/en\/wp-json\/wp\/v2\/types\/association"}],"wp:attachment":[{"href":"https:\/\/mairie-corcieux.fr\/en\/wp-json\/wp\/v2\/media?parent=985"}],"wp:term":[{"taxonomy":"domaine","embeddable":true,"href":"https:\/\/mairie-corcieux.fr\/en\/wp-json\/wp\/v2\/domaine?post=985"}],"curies":[{"name":"wp","href":"https:\/\/api.w.org\/{rel}","templated":true}]}}

<p><strong>Président :</strong> THIÉRY Élisabeth</p>



<p><strong>Email : </strong>capsforfelais_88430@orange.fr</p>



<p><strong><u>Renseignements- contacts: </u></strong>au 06 73 57 18 44 ou au 07 83 21 42 50</p>



<p><strong>Présentation :</strong> Club d&#8217;activités physiques, <strong> gymnastique d&#8217;entretien pour adultes </strong>(autonomes) pour <strong>tous et toutes</strong>, sans limite d&#8217;âge.</p>



<p><strong>QUAND ?</strong> Les séances ont lieu <strong>tous les vendredis</strong> <strong>de 18h à 19h</strong> (sauf pendant les petites et grandes vacances scolaires) au <strong>gymnase intercommunal</strong> (“salle des tapis”) à Corcieux 136 rue des Sports.</p>



<p><strong>La saison suit l&#8217;année scolaire</strong>, débute en septembre pour un cycle de <strong>30 séances,</strong> se termine fin juin-début juillet. Les inscriptions sont toujours possible en cours d&#8217;année, le montant de la licence fédérale FFEPGV *  est dû en entier. </p>



<p><em>* FFEPGV -Fédération Française d&#8217;Éducation Physique et de Gymnastique Volontaire</em></p>



<p>Animées par Nathalie Grousset, titulaire du CQP certificat de qualification professionnelle option activités gymniques d&#8217;entretien et d&#8217;expression.</p>



<p><em>Variation d&#8217;exercices: échauffement Taï-chi, pilates, renforcement musculaire,  Cuisses-Abdo-Fessiers, cardio, gainage. </em></p>

<!-- This site is optimized with the Yoast SEO plugin v27.5 - https://yoast.com/product/yoast-seo-wordpress/ -->
<title>CAPS Corcieux – gymnastique adulte - Mairie Corcieux</title>
<meta name="robots" content="index, follow, max-snippet:-1, max-image-preview:large, max-video-preview:-1" />
<link rel="canonical" href="https://mairie-corcieux.fr/en/association/caps-corcieux-gymnastique-adulte/" />
<meta property="og:locale" content="en_US" />
<meta property="og:type" content="article" />
<meta property="og:title" content="CAPS Corcieux – gymnastique adulte - Mairie Corcieux" />
<meta property="og:description" content="Président : THIÉRY Élisabeth Email : capsforfelais_88430@orange.fr Renseignements- contacts: au 06 73 57 18 44 ou au 07 83 21 42 50 Présentation : Club d&#8217;activités physiques,  gymnastique d&#8217;entretien pour adultes (autonomes) pour tous et toutes, sans limite d&#8217;âge. QUAND ? Les séances ont lieu tous les vendredis de 18h à 19h (sauf pendant les petites et grandes vacances scolaires) au gymnase intercommunal (“salle des tapis”) à Corcieux 136 rue des Sports. La saison [&hellip;]" />
<meta property="og:url" content="https://mairie-corcieux.fr/en/association/caps-corcieux-gymnastique-adulte/" />
<meta property="og:site_name" content="Mairie Corcieux" />
<meta property="article:modified_time" content="2024-10-11T09:46:09+00:00" />
<meta name="twitter:card" content="summary_large_image" />
<meta name="twitter:label1" content="Est. reading time" />
	<meta name="twitter:data1" content="1 minute" />
<script type="application/ld+json" class="yoast-schema-graph">{"@context":"https:\/\/schema.org","@graph":[{"@type":"WebPage","@id":"https:\/\/mairie-corcieux.fr\/en\/association\/caps-corcieux-gymnastique-adulte\/","url":"https:\/\/mairie-corcieux.fr\/en\/association\/caps-corcieux-gymnastique-adulte\/","name":"CAPS Corcieux – gymnastique adulte - Mairie Corcieux","isPartOf":{"@id":"https:\/\/mairie-corcieux.fr\/en\/#website"},"datePublished":"2021-07-20T12:50:40+00:00","dateModified":"2024-10-11T09:46:09+00:00","breadcrumb":{"@id":"https:\/\/mairie-corcieux.fr\/en\/association\/caps-corcieux-gymnastique-adulte\/#breadcrumb"},"inLanguage":"en-US","potentialAction":[{"@type":"ReadAction","target":["https:\/\/mairie-corcieux.fr\/en\/association\/caps-corcieux-gymnastique-adulte\/"]}]},{"@type":"BreadcrumbList","@id":"https:\/\/mairie-corcieux.fr\/en\/association\/caps-corcieux-gymnastique-adulte\/#breadcrumb","itemListElement":[{"@type":"ListItem","position":1,"name":"Accueil","item":"https:\/\/mairie-corcieux.fr\/en\/"},{"@type":"ListItem","position":2,"name":"Associations","item":"https:\/\/mairie-corcieux.fr\/en\/association\/"},{"@type":"ListItem","position":3,"name":"CAPS Corcieux – gymnastique adulte"}]},{"@type":"WebSite","@id":"https:\/\/mairie-corcieux.fr\/en\/#website","url":"https:\/\/mairie-corcieux.fr\/en\/","name":"Mairie Corcieux","description":"Mairie de Corcieux - Vosges","potentialAction":[{"@type":"SearchAction","target":{"@type":"EntryPoint","urlTemplate":"https:\/\/mairie-corcieux.fr\/en\/?s={search_term_string}"},"query-input":{"@type":"PropertyValueSpecification","valueRequired":true,"valueName":"search_term_string"}}],"inLanguage":"en-US"}]}</script>
<!-- / Yoast SEO plugin. -->

Président : THIÉRY Élisabeth Email : capsforfelais_88430@orange.fr Renseignements- contacts: au 06 73 57 18 44 ou au 07 83 21 42 50 Présentation : Club d&#8217;activités physiques,  gymnastique d&#8217;entretien pour adultes (autonomes) pour tous et toutes, sans limite d&#8217;âge. QUAND ? Les séances ont lieu tous les vendredis de 18h à 19h (sauf pendant les petites et grandes vacances scolaires) au gymnase intercommunal (“salle des tapis”) à Corcieux 136 rue des Sports. La saison [&hellip;]
