{"id":3459,"date":"2023-01-05T14:58:11","date_gmt":"2023-01-05T13:58:11","guid":{"rendered":"https:\/\/mairie-corcieux.fr\/?post_type=association&#038;p=3459"},"modified":"2023-01-05T15:02:22","modified_gmt":"2023-01-05T14:02:22","slug":"la-forfelaise","status":"publish","type":"association","link":"https:\/\/mairie-corcieux.fr\/en\/association\/la-forfelaise\/","title":{"rendered":"La forfelaise"},"content":{"rendered":"\n<p>Son pr\u00e9sident souhaite, gr\u00e2ce \u00e0 elle, partager son amour et sa passion pour notre belle commune. Diff\u00e9rentes manifestations et animations sont propos\u00e9es aux habitants. Les fonds r\u00e9colt\u00e9s serviront \u00e0 acheter du mat\u00e9riel pour pouvoir archiver de mani\u00e8re num\u00e9rique tous documents, photos, films, cartes postales,&#8230; concernant notre village.<\/p>\n\n\n\n<p>Les personnes souhaitant partager des documents en leur possession peuvent se manifester aupr\u00e8s du pr\u00e9sident, S\u00e9bastien MATHIEU.<\/p>\n\n\n\n<p>Le ma\u00eetre mot de La Forfelaise est le partage. Car une fois les archives mises sous format num\u00e9rique, elles seront mises \u00e0 disposition de chaque personne souhaitant les consulter. L&#8217;accr\u00e9ditation qui donne acc\u00e8s aux archives de l&#8217;INA a \u00e9t\u00e9 donn\u00e9e \u00e0 l&#8217;association.<\/p>\n","protected":false},"featured_media":3460,"template":"","domaine":[15],"class_list":["post-3459","association","type-association","status-publish","has-post-thumbnail","hentry","domaine-culturel"],"acf":[],"yoast_head":"<!-- This site is optimized with the Yoast SEO plugin v27.5 - https:\/\/yoast.com\/product\/yoast-seo-wordpress\/ -->\n<title>La forfelaise - Mairie Corcieux<\/title>\n<meta name=\"robots\" content=\"index, follow, max-snippet:-1, max-image-preview:large, max-video-preview:-1\" \/>\n<link rel=\"canonical\" href=\"https:\/\/mairie-corcieux.fr\/en\/association\/la-forfelaise\/\" \/>\n<meta property=\"og:locale\" content=\"en_US\" \/>\n<meta property=\"og:type\" content=\"article\" \/>\n<meta property=\"og:title\" content=\"La forfelaise - Mairie Corcieux\" \/>\n<meta property=\"og:description\" content=\"Son pr\u00e9sident souhaite, gr\u00e2ce \u00e0 elle, partager son amour et sa passion pour notre belle commune. Diff\u00e9rentes manifestations et animations sont propos\u00e9es aux habitants. Les fonds r\u00e9colt\u00e9s serviront \u00e0 acheter du mat\u00e9riel pour pouvoir archiver de mani\u00e8re num\u00e9rique tous documents, photos, films, cartes postales,&#8230; concernant notre village. Les personnes souhaitant partager des documents en leur [&hellip;]\" \/>\n<meta property=\"og:url\" content=\"https:\/\/mairie-corcieux.fr\/en\/association\/la-forfelaise\/\" \/>\n<meta property=\"og:site_name\" content=\"Mairie Corcieux\" \/>\n<meta property=\"article:modified_time\" content=\"2023-01-05T14:02:22+00:00\" \/>\n<meta property=\"og:image\" content=\"https:\/\/mairie-corcieux.fr\/wp-content\/uploads\/2023\/01\/La-Forfelaise.jpg\" \/>\n\t<meta property=\"og:image:width\" content=\"960\" \/>\n\t<meta property=\"og:image:height\" content=\"960\" \/>\n\t<meta property=\"og:image:type\" content=\"image\/jpeg\" \/>\n<meta name=\"twitter:card\" content=\"summary_large_image\" \/>\n<meta name=\"twitter:label1\" content=\"Est. reading time\" \/>\n\t<meta name=\"twitter:data1\" content=\"1 minute\" \/>\n<script type=\"application\/ld+json\" class=\"yoast-schema-graph\">{\"@context\":\"https:\\\/\\\/schema.org\",\"@graph\":[{\"@type\":\"WebPage\",\"@id\":\"https:\\\/\\\/mairie-corcieux.fr\\\/en\\\/association\\\/la-forfelaise\\\/\",\"url\":\"https:\\\/\\\/mairie-corcieux.fr\\\/en\\\/association\\\/la-forfelaise\\\/\",\"name\":\"La forfelaise - Mairie Corcieux\",\"isPartOf\":{\"@id\":\"https:\\\/\\\/mairie-corcieux.fr\\\/en\\\/#website\"},\"primaryImageOfPage\":{\"@id\":\"https:\\\/\\\/mairie-corcieux.fr\\\/en\\\/association\\\/la-forfelaise\\\/#primaryimage\"},\"image\":{\"@id\":\"https:\\\/\\\/mairie-corcieux.fr\\\/en\\\/association\\\/la-forfelaise\\\/#primaryimage\"},\"thumbnailUrl\":\"https:\\\/\\\/mairie-corcieux.fr\\\/wp-content\\\/uploads\\\/2023\\\/01\\\/La-Forfelaise.jpg\",\"datePublished\":\"2023-01-05T13:58:11+00:00\",\"dateModified\":\"2023-01-05T14:02:22+00:00\",\"breadcrumb\":{\"@id\":\"https:\\\/\\\/mairie-corcieux.fr\\\/en\\\/association\\\/la-forfelaise\\\/#breadcrumb\"},\"inLanguage\":\"en-US\",\"potentialAction\":[{\"@type\":\"ReadAction\",\"target\":[\"https:\\\/\\\/mairie-corcieux.fr\\\/en\\\/association\\\/la-forfelaise\\\/\"]}]},{\"@type\":\"ImageObject\",\"inLanguage\":\"en-US\",\"@id\":\"https:\\\/\\\/mairie-corcieux.fr\\\/en\\\/association\\\/la-forfelaise\\\/#primaryimage\",\"url\":\"https:\\\/\\\/mairie-corcieux.fr\\\/wp-content\\\/uploads\\\/2023\\\/01\\\/La-Forfelaise.jpg\",\"contentUrl\":\"https:\\\/\\\/mairie-corcieux.fr\\\/wp-content\\\/uploads\\\/2023\\\/01\\\/La-Forfelaise.jpg\",\"width\":960,\"height\":960},{\"@type\":\"BreadcrumbList\",\"@id\":\"https:\\\/\\\/mairie-corcieux.fr\\\/en\\\/association\\\/la-forfelaise\\\/#breadcrumb\",\"itemListElement\":[{\"@type\":\"ListItem\",\"position\":1,\"name\":\"Accueil\",\"item\":\"https:\\\/\\\/mairie-corcieux.fr\\\/en\\\/\"},{\"@type\":\"ListItem\",\"position\":2,\"name\":\"Associations\",\"item\":\"https:\\\/\\\/mairie-corcieux.fr\\\/en\\\/association\\\/\"},{\"@type\":\"ListItem\",\"position\":3,\"name\":\"La forfelaise\"}]},{\"@type\":\"WebSite\",\"@id\":\"https:\\\/\\\/mairie-corcieux.fr\\\/en\\\/#website\",\"url\":\"https:\\\/\\\/mairie-corcieux.fr\\\/en\\\/\",\"name\":\"Mairie Corcieux\",\"description\":\"Mairie de Corcieux - Vosges\",\"potentialAction\":[{\"@type\":\"SearchAction\",\"target\":{\"@type\":\"EntryPoint\",\"urlTemplate\":\"https:\\\/\\\/mairie-corcieux.fr\\\/en\\\/?s={search_term_string}\"},\"query-input\":{\"@type\":\"PropertyValueSpecification\",\"valueRequired\":true,\"valueName\":\"search_term_string\"}}],\"inLanguage\":\"en-US\"}]}<\/script>\n<!-- \/ Yoast SEO plugin. -->","yoast_head_json":{"title":"La forfelaise - Mairie Corcieux","robots":{"index":"index","follow":"follow","max-snippet":"max-snippet:-1","max-image-preview":"max-image-preview:large","max-video-preview":"max-video-preview:-1"},"canonical":"https:\/\/mairie-corcieux.fr\/en\/association\/la-forfelaise\/","og_locale":"en_US","og_type":"article","og_title":"La forfelaise - Mairie Corcieux","og_description":"Son pr\u00e9sident souhaite, gr\u00e2ce \u00e0 elle, partager son amour et sa passion pour notre belle commune. Diff\u00e9rentes manifestations et animations sont propos\u00e9es aux habitants. Les fonds r\u00e9colt\u00e9s serviront \u00e0 acheter du mat\u00e9riel pour pouvoir archiver de mani\u00e8re num\u00e9rique tous documents, photos, films, cartes postales,&#8230; concernant notre village. Les personnes souhaitant partager des documents en leur [&hellip;]","og_url":"https:\/\/mairie-corcieux.fr\/en\/association\/la-forfelaise\/","og_site_name":"Mairie Corcieux","article_modified_time":"2023-01-05T14:02:22+00:00","og_image":[{"width":960,"height":960,"url":"https:\/\/mairie-corcieux.fr\/wp-content\/uploads\/2023\/01\/La-Forfelaise.jpg","type":"image\/jpeg"}],"twitter_card":"summary_large_image","twitter_misc":{"Est. reading time":"1 minute"},"schema":{"@context":"https:\/\/schema.org","@graph":[{"@type":"WebPage","@id":"https:\/\/mairie-corcieux.fr\/en\/association\/la-forfelaise\/","url":"https:\/\/mairie-corcieux.fr\/en\/association\/la-forfelaise\/","name":"La forfelaise - Mairie Corcieux","isPartOf":{"@id":"https:\/\/mairie-corcieux.fr\/en\/#website"},"primaryImageOfPage":{"@id":"https:\/\/mairie-corcieux.fr\/en\/association\/la-forfelaise\/#primaryimage"},"image":{"@id":"https:\/\/mairie-corcieux.fr\/en\/association\/la-forfelaise\/#primaryimage"},"thumbnailUrl":"https:\/\/mairie-corcieux.fr\/wp-content\/uploads\/2023\/01\/La-Forfelaise.jpg","datePublished":"2023-01-05T13:58:11+00:00","dateModified":"2023-01-05T14:02:22+00:00","breadcrumb":{"@id":"https:\/\/mairie-corcieux.fr\/en\/association\/la-forfelaise\/#breadcrumb"},"inLanguage":"en-US","potentialAction":[{"@type":"ReadAction","target":["https:\/\/mairie-corcieux.fr\/en\/association\/la-forfelaise\/"]}]},{"@type":"ImageObject","inLanguage":"en-US","@id":"https:\/\/mairie-corcieux.fr\/en\/association\/la-forfelaise\/#primaryimage","url":"https:\/\/mairie-corcieux.fr\/wp-content\/uploads\/2023\/01\/La-Forfelaise.jpg","contentUrl":"https:\/\/mairie-corcieux.fr\/wp-content\/uploads\/2023\/01\/La-Forfelaise.jpg","width":960,"height":960},{"@type":"BreadcrumbList","@id":"https:\/\/mairie-corcieux.fr\/en\/association\/la-forfelaise\/#breadcrumb","itemListElement":[{"@type":"ListItem","position":1,"name":"Accueil","item":"https:\/\/mairie-corcieux.fr\/en\/"},{"@type":"ListItem","position":2,"name":"Associations","item":"https:\/\/mairie-corcieux.fr\/en\/association\/"},{"@type":"ListItem","position":3,"name":"La forfelaise"}]},{"@type":"WebSite","@id":"https:\/\/mairie-corcieux.fr\/en\/#website","url":"https:\/\/mairie-corcieux.fr\/en\/","name":"Mairie Corcieux","description":"Mairie de Corcieux - Vosges","potentialAction":[{"@type":"SearchAction","target":{"@type":"EntryPoint","urlTemplate":"https:\/\/mairie-corcieux.fr\/en\/?s={search_term_string}"},"query-input":{"@type":"PropertyValueSpecification","valueRequired":true,"valueName":"search_term_string"}}],"inLanguage":"en-US"}]}},"jetpack_sharing_enabled":true,"_links":{"self":[{"href":"https:\/\/mairie-corcieux.fr\/en\/wp-json\/wp\/v2\/association\/3459","targetHints":{"allow":["GET"]}}],"collection":[{"href":"https:\/\/mairie-corcieux.fr\/en\/wp-json\/wp\/v2\/association"}],"about":[{"href":"https:\/\/mairie-corcieux.fr\/en\/wp-json\/wp\/v2\/types\/association"}],"wp:featuredmedia":[{"embeddable":true,"href":"https:\/\/mairie-corcieux.fr\/en\/wp-json\/wp\/v2\/media\/3460"}],"wp:attachment":[{"href":"https:\/\/mairie-corcieux.fr\/en\/wp-json\/wp\/v2\/media?parent=3459"}],"wp:term":[{"taxonomy":"domaine","embeddable":true,"href":"https:\/\/mairie-corcieux.fr\/en\/wp-json\/wp\/v2\/domaine?post=3459"}],"curies":[{"name":"wp","href":"https:\/\/api.w.org\/{rel}","templated":true}]}}

<p>Son président souhaite, grâce à elle, partager son amour et sa passion pour notre belle commune. Différentes manifestations et animations sont proposées aux habitants. Les fonds récoltés serviront à acheter du matériel pour pouvoir archiver de manière numérique tous documents, photos, films, cartes postales,&#8230; concernant notre village.</p>



<p>Les personnes souhaitant partager des documents en leur possession peuvent se manifester auprès du président, Sébastien MATHIEU.</p>



<p>Le maître mot de La Forfelaise est le partage. Car une fois les archives mises sous format numérique, elles seront mises à disposition de chaque personne souhaitant les consulter. L&#8217;accréditation qui donne accès aux archives de l&#8217;INA a été donnée à l&#8217;association.</p>

<!-- This site is optimized with the Yoast SEO plugin v27.5 - https://yoast.com/product/yoast-seo-wordpress/ -->
<title>La forfelaise - Mairie Corcieux</title>
<meta name="robots" content="index, follow, max-snippet:-1, max-image-preview:large, max-video-preview:-1" />
<link rel="canonical" href="https://mairie-corcieux.fr/en/association/la-forfelaise/" />
<meta property="og:locale" content="en_US" />
<meta property="og:type" content="article" />
<meta property="og:title" content="La forfelaise - Mairie Corcieux" />
<meta property="og:description" content="Son président souhaite, grâce à elle, partager son amour et sa passion pour notre belle commune. Différentes manifestations et animations sont proposées aux habitants. Les fonds récoltés serviront à acheter du matériel pour pouvoir archiver de manière numérique tous documents, photos, films, cartes postales,&#8230; concernant notre village. Les personnes souhaitant partager des documents en leur [&hellip;]" />
<meta property="og:url" content="https://mairie-corcieux.fr/en/association/la-forfelaise/" />
<meta property="og:site_name" content="Mairie Corcieux" />
<meta property="article:modified_time" content="2023-01-05T14:02:22+00:00" />
<meta property="og:image" content="https://mairie-corcieux.fr/wp-content/uploads/2023/01/La-Forfelaise.jpg" />
	<meta property="og:image:width" content="960" />
	<meta property="og:image:height" content="960" />
	<meta property="og:image:type" content="image/jpeg" />
<meta name="twitter:card" content="summary_large_image" />
<meta name="twitter:label1" content="Est. reading time" />
	<meta name="twitter:data1" content="1 minute" />
<script type="application/ld+json" class="yoast-schema-graph">{"@context":"https:\/\/schema.org","@graph":[{"@type":"WebPage","@id":"https:\/\/mairie-corcieux.fr\/en\/association\/la-forfelaise\/","url":"https:\/\/mairie-corcieux.fr\/en\/association\/la-forfelaise\/","name":"La forfelaise - Mairie Corcieux","isPartOf":{"@id":"https:\/\/mairie-corcieux.fr\/en\/#website"},"primaryImageOfPage":{"@id":"https:\/\/mairie-corcieux.fr\/en\/association\/la-forfelaise\/#primaryimage"},"image":{"@id":"https:\/\/mairie-corcieux.fr\/en\/association\/la-forfelaise\/#primaryimage"},"thumbnailUrl":"https:\/\/mairie-corcieux.fr\/wp-content\/uploads\/2023\/01\/La-Forfelaise.jpg","datePublished":"2023-01-05T13:58:11+00:00","dateModified":"2023-01-05T14:02:22+00:00","breadcrumb":{"@id":"https:\/\/mairie-corcieux.fr\/en\/association\/la-forfelaise\/#breadcrumb"},"inLanguage":"en-US","potentialAction":[{"@type":"ReadAction","target":["https:\/\/mairie-corcieux.fr\/en\/association\/la-forfelaise\/"]}]},{"@type":"ImageObject","inLanguage":"en-US","@id":"https:\/\/mairie-corcieux.fr\/en\/association\/la-forfelaise\/#primaryimage","url":"https:\/\/mairie-corcieux.fr\/wp-content\/uploads\/2023\/01\/La-Forfelaise.jpg","contentUrl":"https:\/\/mairie-corcieux.fr\/wp-content\/uploads\/2023\/01\/La-Forfelaise.jpg","width":960,"height":960},{"@type":"BreadcrumbList","@id":"https:\/\/mairie-corcieux.fr\/en\/association\/la-forfelaise\/#breadcrumb","itemListElement":[{"@type":"ListItem","position":1,"name":"Accueil","item":"https:\/\/mairie-corcieux.fr\/en\/"},{"@type":"ListItem","position":2,"name":"Associations","item":"https:\/\/mairie-corcieux.fr\/en\/association\/"},{"@type":"ListItem","position":3,"name":"La forfelaise"}]},{"@type":"WebSite","@id":"https:\/\/mairie-corcieux.fr\/en\/#website","url":"https:\/\/mairie-corcieux.fr\/en\/","name":"Mairie Corcieux","description":"Mairie de Corcieux - Vosges","potentialAction":[{"@type":"SearchAction","target":{"@type":"EntryPoint","urlTemplate":"https:\/\/mairie-corcieux.fr\/en\/?s={search_term_string}"},"query-input":{"@type":"PropertyValueSpecification","valueRequired":true,"valueName":"search_term_string"}}],"inLanguage":"en-US"}]}</script>
<!-- / Yoast SEO plugin. -->

Son président souhaite, grâce à elle, partager son amour et sa passion pour notre belle commune. Différentes manifestations et animations sont proposées aux habitants. Les fonds récoltés serviront à acheter du matériel pour pouvoir archiver de manière numérique tous documents, photos, films, cartes postales,&#8230; concernant notre village. Les personnes souhaitant partager des documents en leur [&hellip;]
