{"id":3452,"date":"2023-01-05T14:46:01","date_gmt":"2023-01-05T13:46:01","guid":{"rendered":"https:\/\/mairie-corcieux.fr\/?post_type=association&#038;p=3452"},"modified":"2023-01-05T14:46:50","modified_gmt":"2023-01-05T13:46:50","slug":"groupe-detude-rapaces-vosges","status":"publish","type":"association","link":"https:\/\/mairie-corcieux.fr\/en\/association\/groupe-detude-rapaces-vosges\/","title":{"rendered":"Groupe d&#8217;\u00e9tude Rapaces Vosges"},"content":{"rendered":"\n<p><strong>Objets et projets port\u00e9s<\/strong><\/p>\n\n\n\n<p>Ce groupe a pour but de sensibiliser et rassembler les d\u00e9fenseurs des rapaces, nocturnes et diurnes, pr\u00e9sents dans le d\u00e9partement des Vosges et plus particuli\u00e8rement les esp\u00e8ces en d\u00e9clin suite aux d\u00e9rangements inh\u00e9rents \u00e0 l\u2019activit\u00e9 d\u00e9bordante des sports et loisirs de plein air. L\u2019objectif \u00e9tant de connaitre au mieux la situation actuelle des populations, par des suivis et notamment lors de la reproduction, afin de connaitre l\u2019impact de ces d\u00e9rangements, au fil des ann\u00e9es. Ces suivis sont d\u00e9j\u00e0 effectifs de puis plus de vingt ans, et d\u00e9montrent un s\u00e9rieux d\u00e9clin pour certaines esp\u00e8ces. Plusieurs messages d\u2019alerte ont \u00e9t\u00e9 envoy\u00e9s \u00e0 diff\u00e9rents niveaux, sans r\u00e9sultats. Nous encourageons donc toutes les personnes sensibles \u00e0 cet \u00e9tat de fait \u00e0 nous faire parvenir toutes informations int\u00e9ressantes sur ce sujet.<\/p>\n","protected":false},"featured_media":3453,"template":"","domaine":[61],"class_list":["post-3452","association","type-association","status-publish","has-post-thumbnail","hentry","domaine-nature"],"acf":[],"yoast_head":"<!-- This site is optimized with the Yoast SEO plugin v27.5 - https:\/\/yoast.com\/product\/yoast-seo-wordpress\/ -->\n<title>Groupe d&#039;\u00e9tude Rapaces Vosges - Mairie Corcieux<\/title>\n<meta name=\"robots\" content=\"index, follow, max-snippet:-1, max-image-preview:large, max-video-preview:-1\" \/>\n<link rel=\"canonical\" href=\"https:\/\/mairie-corcieux.fr\/en\/association\/groupe-detude-rapaces-vosges\/\" \/>\n<meta property=\"og:locale\" content=\"en_US\" \/>\n<meta property=\"og:type\" content=\"article\" \/>\n<meta property=\"og:title\" content=\"Groupe d&#039;\u00e9tude Rapaces Vosges - Mairie Corcieux\" \/>\n<meta property=\"og:description\" content=\"Objets et projets port\u00e9s Ce groupe a pour but de sensibiliser et rassembler les d\u00e9fenseurs des rapaces, nocturnes et diurnes, pr\u00e9sents dans le d\u00e9partement des Vosges et plus particuli\u00e8rement les esp\u00e8ces en d\u00e9clin suite aux d\u00e9rangements inh\u00e9rents \u00e0 l\u2019activit\u00e9 d\u00e9bordante des sports et loisirs de plein air. L\u2019objectif \u00e9tant de connaitre au mieux la situation [&hellip;]\" \/>\n<meta property=\"og:url\" content=\"https:\/\/mairie-corcieux.fr\/en\/association\/groupe-detude-rapaces-vosges\/\" \/>\n<meta property=\"og:site_name\" content=\"Mairie Corcieux\" \/>\n<meta property=\"article:modified_time\" content=\"2023-01-05T13:46:50+00:00\" \/>\n<meta property=\"og:image\" content=\"https:\/\/mairie-corcieux.fr\/wp-content\/uploads\/2023\/01\/Groupe-detude-Rapaces-Vosges.jpg\" \/>\n\t<meta property=\"og:image:width\" content=\"1200\" \/>\n\t<meta property=\"og:image:height\" content=\"800\" \/>\n\t<meta property=\"og:image:type\" content=\"image\/jpeg\" \/>\n<meta name=\"twitter:card\" content=\"summary_large_image\" \/>\n<meta name=\"twitter:label1\" content=\"Est. reading time\" \/>\n\t<meta name=\"twitter:data1\" content=\"1 minute\" \/>\n<script type=\"application\/ld+json\" class=\"yoast-schema-graph\">{\"@context\":\"https:\\\/\\\/schema.org\",\"@graph\":[{\"@type\":\"WebPage\",\"@id\":\"https:\\\/\\\/mairie-corcieux.fr\\\/en\\\/association\\\/groupe-detude-rapaces-vosges\\\/\",\"url\":\"https:\\\/\\\/mairie-corcieux.fr\\\/en\\\/association\\\/groupe-detude-rapaces-vosges\\\/\",\"name\":\"Groupe d'\u00e9tude Rapaces Vosges - Mairie Corcieux\",\"isPartOf\":{\"@id\":\"https:\\\/\\\/mairie-corcieux.fr\\\/en\\\/#website\"},\"primaryImageOfPage\":{\"@id\":\"https:\\\/\\\/mairie-corcieux.fr\\\/en\\\/association\\\/groupe-detude-rapaces-vosges\\\/#primaryimage\"},\"image\":{\"@id\":\"https:\\\/\\\/mairie-corcieux.fr\\\/en\\\/association\\\/groupe-detude-rapaces-vosges\\\/#primaryimage\"},\"thumbnailUrl\":\"https:\\\/\\\/mairie-corcieux.fr\\\/wp-content\\\/uploads\\\/2023\\\/01\\\/Groupe-detude-Rapaces-Vosges.jpg\",\"datePublished\":\"2023-01-05T13:46:01+00:00\",\"dateModified\":\"2023-01-05T13:46:50+00:00\",\"breadcrumb\":{\"@id\":\"https:\\\/\\\/mairie-corcieux.fr\\\/en\\\/association\\\/groupe-detude-rapaces-vosges\\\/#breadcrumb\"},\"inLanguage\":\"en-US\",\"potentialAction\":[{\"@type\":\"ReadAction\",\"target\":[\"https:\\\/\\\/mairie-corcieux.fr\\\/en\\\/association\\\/groupe-detude-rapaces-vosges\\\/\"]}]},{\"@type\":\"ImageObject\",\"inLanguage\":\"en-US\",\"@id\":\"https:\\\/\\\/mairie-corcieux.fr\\\/en\\\/association\\\/groupe-detude-rapaces-vosges\\\/#primaryimage\",\"url\":\"https:\\\/\\\/mairie-corcieux.fr\\\/wp-content\\\/uploads\\\/2023\\\/01\\\/Groupe-detude-Rapaces-Vosges.jpg\",\"contentUrl\":\"https:\\\/\\\/mairie-corcieux.fr\\\/wp-content\\\/uploads\\\/2023\\\/01\\\/Groupe-detude-Rapaces-Vosges.jpg\",\"width\":1200,\"height\":800},{\"@type\":\"BreadcrumbList\",\"@id\":\"https:\\\/\\\/mairie-corcieux.fr\\\/en\\\/association\\\/groupe-detude-rapaces-vosges\\\/#breadcrumb\",\"itemListElement\":[{\"@type\":\"ListItem\",\"position\":1,\"name\":\"Accueil\",\"item\":\"https:\\\/\\\/mairie-corcieux.fr\\\/en\\\/\"},{\"@type\":\"ListItem\",\"position\":2,\"name\":\"Associations\",\"item\":\"https:\\\/\\\/mairie-corcieux.fr\\\/en\\\/association\\\/\"},{\"@type\":\"ListItem\",\"position\":3,\"name\":\"Groupe d&#8217;\u00e9tude Rapaces Vosges\"}]},{\"@type\":\"WebSite\",\"@id\":\"https:\\\/\\\/mairie-corcieux.fr\\\/en\\\/#website\",\"url\":\"https:\\\/\\\/mairie-corcieux.fr\\\/en\\\/\",\"name\":\"Mairie Corcieux\",\"description\":\"Mairie de Corcieux - Vosges\",\"potentialAction\":[{\"@type\":\"SearchAction\",\"target\":{\"@type\":\"EntryPoint\",\"urlTemplate\":\"https:\\\/\\\/mairie-corcieux.fr\\\/en\\\/?s={search_term_string}\"},\"query-input\":{\"@type\":\"PropertyValueSpecification\",\"valueRequired\":true,\"valueName\":\"search_term_string\"}}],\"inLanguage\":\"en-US\"}]}<\/script>\n<!-- \/ Yoast SEO plugin. -->","yoast_head_json":{"title":"Groupe d'\u00e9tude Rapaces Vosges - Mairie Corcieux","robots":{"index":"index","follow":"follow","max-snippet":"max-snippet:-1","max-image-preview":"max-image-preview:large","max-video-preview":"max-video-preview:-1"},"canonical":"https:\/\/mairie-corcieux.fr\/en\/association\/groupe-detude-rapaces-vosges\/","og_locale":"en_US","og_type":"article","og_title":"Groupe d'\u00e9tude Rapaces Vosges - Mairie Corcieux","og_description":"Objets et projets port\u00e9s Ce groupe a pour but de sensibiliser et rassembler les d\u00e9fenseurs des rapaces, nocturnes et diurnes, pr\u00e9sents dans le d\u00e9partement des Vosges et plus particuli\u00e8rement les esp\u00e8ces en d\u00e9clin suite aux d\u00e9rangements inh\u00e9rents \u00e0 l\u2019activit\u00e9 d\u00e9bordante des sports et loisirs de plein air. L\u2019objectif \u00e9tant de connaitre au mieux la situation [&hellip;]","og_url":"https:\/\/mairie-corcieux.fr\/en\/association\/groupe-detude-rapaces-vosges\/","og_site_name":"Mairie Corcieux","article_modified_time":"2023-01-05T13:46:50+00:00","og_image":[{"width":1200,"height":800,"url":"https:\/\/mairie-corcieux.fr\/wp-content\/uploads\/2023\/01\/Groupe-detude-Rapaces-Vosges.jpg","type":"image\/jpeg"}],"twitter_card":"summary_large_image","twitter_misc":{"Est. reading time":"1 minute"},"schema":{"@context":"https:\/\/schema.org","@graph":[{"@type":"WebPage","@id":"https:\/\/mairie-corcieux.fr\/en\/association\/groupe-detude-rapaces-vosges\/","url":"https:\/\/mairie-corcieux.fr\/en\/association\/groupe-detude-rapaces-vosges\/","name":"Groupe d'\u00e9tude Rapaces Vosges - Mairie Corcieux","isPartOf":{"@id":"https:\/\/mairie-corcieux.fr\/en\/#website"},"primaryImageOfPage":{"@id":"https:\/\/mairie-corcieux.fr\/en\/association\/groupe-detude-rapaces-vosges\/#primaryimage"},"image":{"@id":"https:\/\/mairie-corcieux.fr\/en\/association\/groupe-detude-rapaces-vosges\/#primaryimage"},"thumbnailUrl":"https:\/\/mairie-corcieux.fr\/wp-content\/uploads\/2023\/01\/Groupe-detude-Rapaces-Vosges.jpg","datePublished":"2023-01-05T13:46:01+00:00","dateModified":"2023-01-05T13:46:50+00:00","breadcrumb":{"@id":"https:\/\/mairie-corcieux.fr\/en\/association\/groupe-detude-rapaces-vosges\/#breadcrumb"},"inLanguage":"en-US","potentialAction":[{"@type":"ReadAction","target":["https:\/\/mairie-corcieux.fr\/en\/association\/groupe-detude-rapaces-vosges\/"]}]},{"@type":"ImageObject","inLanguage":"en-US","@id":"https:\/\/mairie-corcieux.fr\/en\/association\/groupe-detude-rapaces-vosges\/#primaryimage","url":"https:\/\/mairie-corcieux.fr\/wp-content\/uploads\/2023\/01\/Groupe-detude-Rapaces-Vosges.jpg","contentUrl":"https:\/\/mairie-corcieux.fr\/wp-content\/uploads\/2023\/01\/Groupe-detude-Rapaces-Vosges.jpg","width":1200,"height":800},{"@type":"BreadcrumbList","@id":"https:\/\/mairie-corcieux.fr\/en\/association\/groupe-detude-rapaces-vosges\/#breadcrumb","itemListElement":[{"@type":"ListItem","position":1,"name":"Accueil","item":"https:\/\/mairie-corcieux.fr\/en\/"},{"@type":"ListItem","position":2,"name":"Associations","item":"https:\/\/mairie-corcieux.fr\/en\/association\/"},{"@type":"ListItem","position":3,"name":"Groupe d&#8217;\u00e9tude Rapaces Vosges"}]},{"@type":"WebSite","@id":"https:\/\/mairie-corcieux.fr\/en\/#website","url":"https:\/\/mairie-corcieux.fr\/en\/","name":"Mairie Corcieux","description":"Mairie de Corcieux - Vosges","potentialAction":[{"@type":"SearchAction","target":{"@type":"EntryPoint","urlTemplate":"https:\/\/mairie-corcieux.fr\/en\/?s={search_term_string}"},"query-input":{"@type":"PropertyValueSpecification","valueRequired":true,"valueName":"search_term_string"}}],"inLanguage":"en-US"}]}},"jetpack_sharing_enabled":true,"_links":{"self":[{"href":"https:\/\/mairie-corcieux.fr\/en\/wp-json\/wp\/v2\/association\/3452","targetHints":{"allow":["GET"]}}],"collection":[{"href":"https:\/\/mairie-corcieux.fr\/en\/wp-json\/wp\/v2\/association"}],"about":[{"href":"https:\/\/mairie-corcieux.fr\/en\/wp-json\/wp\/v2\/types\/association"}],"wp:featuredmedia":[{"embeddable":true,"href":"https:\/\/mairie-corcieux.fr\/en\/wp-json\/wp\/v2\/media\/3453"}],"wp:attachment":[{"href":"https:\/\/mairie-corcieux.fr\/en\/wp-json\/wp\/v2\/media?parent=3452"}],"wp:term":[{"taxonomy":"domaine","embeddable":true,"href":"https:\/\/mairie-corcieux.fr\/en\/wp-json\/wp\/v2\/domaine?post=3452"}],"curies":[{"name":"wp","href":"https:\/\/api.w.org\/{rel}","templated":true}]}}

Groupe d&#8217;étude Rapaces Vosges

<p><strong>Objets et projets portés</strong></p>



<p>Ce groupe a pour but de sensibiliser et rassembler les défenseurs des rapaces, nocturnes et diurnes, présents dans le département des Vosges et plus particulièrement les espèces en déclin suite aux dérangements inhérents à l’activité débordante des sports et loisirs de plein air. L’objectif étant de connaitre au mieux la situation actuelle des populations, par des suivis et notamment lors de la reproduction, afin de connaitre l’impact de ces dérangements, au fil des années. Ces suivis sont déjà effectifs de puis plus de vingt ans, et démontrent un sérieux déclin pour certaines espèces. Plusieurs messages d’alerte ont été envoyés à différents niveaux, sans résultats. Nous encourageons donc toutes les personnes sensibles à cet état de fait à nous faire parvenir toutes informations intéressantes sur ce sujet.</p>

<!-- This site is optimized with the Yoast SEO plugin v27.5 - https://yoast.com/product/yoast-seo-wordpress/ -->
<title>Groupe d&#039;étude Rapaces Vosges - Mairie Corcieux</title>
<meta name="robots" content="index, follow, max-snippet:-1, max-image-preview:large, max-video-preview:-1" />
<link rel="canonical" href="https://mairie-corcieux.fr/en/association/groupe-detude-rapaces-vosges/" />
<meta property="og:locale" content="en_US" />
<meta property="og:type" content="article" />
<meta property="og:title" content="Groupe d&#039;étude Rapaces Vosges - Mairie Corcieux" />
<meta property="og:description" content="Objets et projets portés Ce groupe a pour but de sensibiliser et rassembler les défenseurs des rapaces, nocturnes et diurnes, présents dans le département des Vosges et plus particulièrement les espèces en déclin suite aux dérangements inhérents à l’activité débordante des sports et loisirs de plein air. L’objectif étant de connaitre au mieux la situation [&hellip;]" />
<meta property="og:url" content="https://mairie-corcieux.fr/en/association/groupe-detude-rapaces-vosges/" />
<meta property="og:site_name" content="Mairie Corcieux" />
<meta property="article:modified_time" content="2023-01-05T13:46:50+00:00" />
<meta property="og:image" content="https://mairie-corcieux.fr/wp-content/uploads/2023/01/Groupe-detude-Rapaces-Vosges.jpg" />
	<meta property="og:image:width" content="1200" />
	<meta property="og:image:height" content="800" />
	<meta property="og:image:type" content="image/jpeg" />
<meta name="twitter:card" content="summary_large_image" />
<meta name="twitter:label1" content="Est. reading time" />
	<meta name="twitter:data1" content="1 minute" />
<script type="application/ld+json" class="yoast-schema-graph">{"@context":"https:\/\/schema.org","@graph":[{"@type":"WebPage","@id":"https:\/\/mairie-corcieux.fr\/en\/association\/groupe-detude-rapaces-vosges\/","url":"https:\/\/mairie-corcieux.fr\/en\/association\/groupe-detude-rapaces-vosges\/","name":"Groupe d'étude Rapaces Vosges - Mairie Corcieux","isPartOf":{"@id":"https:\/\/mairie-corcieux.fr\/en\/#website"},"primaryImageOfPage":{"@id":"https:\/\/mairie-corcieux.fr\/en\/association\/groupe-detude-rapaces-vosges\/#primaryimage"},"image":{"@id":"https:\/\/mairie-corcieux.fr\/en\/association\/groupe-detude-rapaces-vosges\/#primaryimage"},"thumbnailUrl":"https:\/\/mairie-corcieux.fr\/wp-content\/uploads\/2023\/01\/Groupe-detude-Rapaces-Vosges.jpg","datePublished":"2023-01-05T13:46:01+00:00","dateModified":"2023-01-05T13:46:50+00:00","breadcrumb":{"@id":"https:\/\/mairie-corcieux.fr\/en\/association\/groupe-detude-rapaces-vosges\/#breadcrumb"},"inLanguage":"en-US","potentialAction":[{"@type":"ReadAction","target":["https:\/\/mairie-corcieux.fr\/en\/association\/groupe-detude-rapaces-vosges\/"]}]},{"@type":"ImageObject","inLanguage":"en-US","@id":"https:\/\/mairie-corcieux.fr\/en\/association\/groupe-detude-rapaces-vosges\/#primaryimage","url":"https:\/\/mairie-corcieux.fr\/wp-content\/uploads\/2023\/01\/Groupe-detude-Rapaces-Vosges.jpg","contentUrl":"https:\/\/mairie-corcieux.fr\/wp-content\/uploads\/2023\/01\/Groupe-detude-Rapaces-Vosges.jpg","width":1200,"height":800},{"@type":"BreadcrumbList","@id":"https:\/\/mairie-corcieux.fr\/en\/association\/groupe-detude-rapaces-vosges\/#breadcrumb","itemListElement":[{"@type":"ListItem","position":1,"name":"Accueil","item":"https:\/\/mairie-corcieux.fr\/en\/"},{"@type":"ListItem","position":2,"name":"Associations","item":"https:\/\/mairie-corcieux.fr\/en\/association\/"},{"@type":"ListItem","position":3,"name":"Groupe d&#8217;étude Rapaces Vosges"}]},{"@type":"WebSite","@id":"https:\/\/mairie-corcieux.fr\/en\/#website","url":"https:\/\/mairie-corcieux.fr\/en\/","name":"Mairie Corcieux","description":"Mairie de Corcieux - Vosges","potentialAction":[{"@type":"SearchAction","target":{"@type":"EntryPoint","urlTemplate":"https:\/\/mairie-corcieux.fr\/en\/?s={search_term_string}"},"query-input":{"@type":"PropertyValueSpecification","valueRequired":true,"valueName":"search_term_string"}}],"inLanguage":"en-US"}]}</script>
<!-- / Yoast SEO plugin. -->

Groupe d'étude Rapaces Vosges - Mairie Corcieux

Objets et projets portés Ce groupe a pour but de sensibiliser et rassembler les défenseurs des rapaces, nocturnes et diurnes, présents dans le département des Vosges et plus particulièrement les espèces en déclin suite aux dérangements inhérents à l’activité débordante des sports et loisirs de plein air. L’objectif étant de connaitre au mieux la situation [&hellip;]
