{"id":3257,"date":"2022-11-21T15:00:14","date_gmt":"2022-11-21T14:00:14","guid":{"rendered":"https:\/\/mairie-corcieux.fr\/?post_type=association&#038;p=3257"},"modified":"2022-11-21T15:03:56","modified_gmt":"2022-11-21T14:03:56","slug":"amitie-franco-italienne","status":"publish","type":"association","link":"https:\/\/mairie-corcieux.fr\/en\/association\/amitie-franco-italienne\/","title":{"rendered":"Amiti\u00e9 Franco-Italienne"},"content":{"rendered":"\n<p><strong>OBJECTIF :<\/strong> L&#8217;association a pour objectif de cr\u00e9er, d&#8217;animer et d\u00e9velopper les rencontres et les liens d&#8217;amiti\u00e9&nbsp;entre la France et l&#8217;Italie. D&#8217;organiser des d\u00e9placements, sorties, s\u00e9jours et voyages ainsi que diverses activit\u00e9s ou manifestations dans l&#8217;int\u00e9r\u00eat des membres. D&#8217;organiser et de coordonner des actions de solidarit\u00e9, de loisirs culturels et sportifs (cuisine, repas organis\u00e9, etc&#8230;) .<\/p>\n\n\n\n<p><strong>MANIFESTATIONS ENVISAG\u00c9ES<\/strong>&nbsp;: march\u00e9 de no\u00ebl de la Saint Nicolas vente de Chocolats chauds italiens et cappuccino et des p\u00e2tisseries, atelier fabrication de masques v\u00e9nitiens&nbsp;+ d\u00e9gustation de beignets et chocolat chaud italien, vide grenier, forum des associations, Beaujolais Italien&#8230;<\/p>\n","protected":false},"featured_media":3258,"template":"","domaine":[15],"class_list":["post-3257","association","type-association","status-publish","has-post-thumbnail","hentry","domaine-culturel"],"acf":[],"yoast_head":"<!-- This site is optimized with the Yoast SEO plugin v27.5 - https:\/\/yoast.com\/product\/yoast-seo-wordpress\/ -->\n<title>Amiti\u00e9 Franco-Italienne - Mairie Corcieux<\/title>\n<meta name=\"robots\" content=\"index, follow, max-snippet:-1, max-image-preview:large, max-video-preview:-1\" \/>\n<link rel=\"canonical\" href=\"https:\/\/mairie-corcieux.fr\/en\/association\/amitie-franco-italienne\/\" \/>\n<meta property=\"og:locale\" content=\"en_US\" \/>\n<meta property=\"og:type\" content=\"article\" \/>\n<meta property=\"og:title\" content=\"Amiti\u00e9 Franco-Italienne - Mairie Corcieux\" \/>\n<meta property=\"og:description\" content=\"OBJECTIF : L&#8217;association a pour objectif de cr\u00e9er, d&#8217;animer et d\u00e9velopper les rencontres et les liens d&#8217;amiti\u00e9&nbsp;entre la France et l&#8217;Italie. D&#8217;organiser des d\u00e9placements, sorties, s\u00e9jours et voyages ainsi que diverses activit\u00e9s ou manifestations dans l&#8217;int\u00e9r\u00eat des membres. D&#8217;organiser et de coordonner des actions de solidarit\u00e9, de loisirs culturels et sportifs (cuisine, repas organis\u00e9, etc&#8230;) [&hellip;]\" \/>\n<meta property=\"og:url\" content=\"https:\/\/mairie-corcieux.fr\/en\/association\/amitie-franco-italienne\/\" \/>\n<meta property=\"og:site_name\" content=\"Mairie Corcieux\" \/>\n<meta property=\"article:modified_time\" content=\"2022-11-21T14:03:56+00:00\" \/>\n<meta property=\"og:image\" content=\"https:\/\/mairie-corcieux.fr\/wp-content\/uploads\/2022\/11\/drapeaux-francais-et-italien.jpg\" \/>\n\t<meta property=\"og:image:width\" content=\"800\" \/>\n\t<meta property=\"og:image:height\" content=\"543\" \/>\n\t<meta property=\"og:image:type\" content=\"image\/jpeg\" \/>\n<meta name=\"twitter:card\" content=\"summary_large_image\" \/>\n<meta name=\"twitter:label1\" content=\"Est. reading time\" \/>\n\t<meta name=\"twitter:data1\" content=\"1 minute\" \/>\n<script type=\"application\/ld+json\" class=\"yoast-schema-graph\">{\"@context\":\"https:\\\/\\\/schema.org\",\"@graph\":[{\"@type\":\"WebPage\",\"@id\":\"https:\\\/\\\/mairie-corcieux.fr\\\/en\\\/association\\\/amitie-franco-italienne\\\/\",\"url\":\"https:\\\/\\\/mairie-corcieux.fr\\\/en\\\/association\\\/amitie-franco-italienne\\\/\",\"name\":\"Amiti\u00e9 Franco-Italienne - Mairie Corcieux\",\"isPartOf\":{\"@id\":\"https:\\\/\\\/mairie-corcieux.fr\\\/en\\\/#website\"},\"primaryImageOfPage\":{\"@id\":\"https:\\\/\\\/mairie-corcieux.fr\\\/en\\\/association\\\/amitie-franco-italienne\\\/#primaryimage\"},\"image\":{\"@id\":\"https:\\\/\\\/mairie-corcieux.fr\\\/en\\\/association\\\/amitie-franco-italienne\\\/#primaryimage\"},\"thumbnailUrl\":\"https:\\\/\\\/mairie-corcieux.fr\\\/wp-content\\\/uploads\\\/2022\\\/11\\\/drapeaux-francais-et-italien.jpg\",\"datePublished\":\"2022-11-21T14:00:14+00:00\",\"dateModified\":\"2022-11-21T14:03:56+00:00\",\"breadcrumb\":{\"@id\":\"https:\\\/\\\/mairie-corcieux.fr\\\/en\\\/association\\\/amitie-franco-italienne\\\/#breadcrumb\"},\"inLanguage\":\"en-US\",\"potentialAction\":[{\"@type\":\"ReadAction\",\"target\":[\"https:\\\/\\\/mairie-corcieux.fr\\\/en\\\/association\\\/amitie-franco-italienne\\\/\"]}]},{\"@type\":\"ImageObject\",\"inLanguage\":\"en-US\",\"@id\":\"https:\\\/\\\/mairie-corcieux.fr\\\/en\\\/association\\\/amitie-franco-italienne\\\/#primaryimage\",\"url\":\"https:\\\/\\\/mairie-corcieux.fr\\\/wp-content\\\/uploads\\\/2022\\\/11\\\/drapeaux-francais-et-italien.jpg\",\"contentUrl\":\"https:\\\/\\\/mairie-corcieux.fr\\\/wp-content\\\/uploads\\\/2022\\\/11\\\/drapeaux-francais-et-italien.jpg\",\"width\":800,\"height\":543},{\"@type\":\"BreadcrumbList\",\"@id\":\"https:\\\/\\\/mairie-corcieux.fr\\\/en\\\/association\\\/amitie-franco-italienne\\\/#breadcrumb\",\"itemListElement\":[{\"@type\":\"ListItem\",\"position\":1,\"name\":\"Accueil\",\"item\":\"https:\\\/\\\/mairie-corcieux.fr\\\/en\\\/\"},{\"@type\":\"ListItem\",\"position\":2,\"name\":\"Associations\",\"item\":\"https:\\\/\\\/mairie-corcieux.fr\\\/en\\\/association\\\/\"},{\"@type\":\"ListItem\",\"position\":3,\"name\":\"Amiti\u00e9 Franco-Italienne\"}]},{\"@type\":\"WebSite\",\"@id\":\"https:\\\/\\\/mairie-corcieux.fr\\\/en\\\/#website\",\"url\":\"https:\\\/\\\/mairie-corcieux.fr\\\/en\\\/\",\"name\":\"Mairie Corcieux\",\"description\":\"Mairie de Corcieux - Vosges\",\"potentialAction\":[{\"@type\":\"SearchAction\",\"target\":{\"@type\":\"EntryPoint\",\"urlTemplate\":\"https:\\\/\\\/mairie-corcieux.fr\\\/en\\\/?s={search_term_string}\"},\"query-input\":{\"@type\":\"PropertyValueSpecification\",\"valueRequired\":true,\"valueName\":\"search_term_string\"}}],\"inLanguage\":\"en-US\"}]}<\/script>\n<!-- \/ Yoast SEO plugin. -->","yoast_head_json":{"title":"Amiti\u00e9 Franco-Italienne - Mairie Corcieux","robots":{"index":"index","follow":"follow","max-snippet":"max-snippet:-1","max-image-preview":"max-image-preview:large","max-video-preview":"max-video-preview:-1"},"canonical":"https:\/\/mairie-corcieux.fr\/en\/association\/amitie-franco-italienne\/","og_locale":"en_US","og_type":"article","og_title":"Amiti\u00e9 Franco-Italienne - Mairie Corcieux","og_description":"OBJECTIF : L&#8217;association a pour objectif de cr\u00e9er, d&#8217;animer et d\u00e9velopper les rencontres et les liens d&#8217;amiti\u00e9&nbsp;entre la France et l&#8217;Italie. D&#8217;organiser des d\u00e9placements, sorties, s\u00e9jours et voyages ainsi que diverses activit\u00e9s ou manifestations dans l&#8217;int\u00e9r\u00eat des membres. D&#8217;organiser et de coordonner des actions de solidarit\u00e9, de loisirs culturels et sportifs (cuisine, repas organis\u00e9, etc&#8230;) [&hellip;]","og_url":"https:\/\/mairie-corcieux.fr\/en\/association\/amitie-franco-italienne\/","og_site_name":"Mairie Corcieux","article_modified_time":"2022-11-21T14:03:56+00:00","og_image":[{"width":800,"height":543,"url":"https:\/\/mairie-corcieux.fr\/wp-content\/uploads\/2022\/11\/drapeaux-francais-et-italien.jpg","type":"image\/jpeg"}],"twitter_card":"summary_large_image","twitter_misc":{"Est. reading time":"1 minute"},"schema":{"@context":"https:\/\/schema.org","@graph":[{"@type":"WebPage","@id":"https:\/\/mairie-corcieux.fr\/en\/association\/amitie-franco-italienne\/","url":"https:\/\/mairie-corcieux.fr\/en\/association\/amitie-franco-italienne\/","name":"Amiti\u00e9 Franco-Italienne - Mairie Corcieux","isPartOf":{"@id":"https:\/\/mairie-corcieux.fr\/en\/#website"},"primaryImageOfPage":{"@id":"https:\/\/mairie-corcieux.fr\/en\/association\/amitie-franco-italienne\/#primaryimage"},"image":{"@id":"https:\/\/mairie-corcieux.fr\/en\/association\/amitie-franco-italienne\/#primaryimage"},"thumbnailUrl":"https:\/\/mairie-corcieux.fr\/wp-content\/uploads\/2022\/11\/drapeaux-francais-et-italien.jpg","datePublished":"2022-11-21T14:00:14+00:00","dateModified":"2022-11-21T14:03:56+00:00","breadcrumb":{"@id":"https:\/\/mairie-corcieux.fr\/en\/association\/amitie-franco-italienne\/#breadcrumb"},"inLanguage":"en-US","potentialAction":[{"@type":"ReadAction","target":["https:\/\/mairie-corcieux.fr\/en\/association\/amitie-franco-italienne\/"]}]},{"@type":"ImageObject","inLanguage":"en-US","@id":"https:\/\/mairie-corcieux.fr\/en\/association\/amitie-franco-italienne\/#primaryimage","url":"https:\/\/mairie-corcieux.fr\/wp-content\/uploads\/2022\/11\/drapeaux-francais-et-italien.jpg","contentUrl":"https:\/\/mairie-corcieux.fr\/wp-content\/uploads\/2022\/11\/drapeaux-francais-et-italien.jpg","width":800,"height":543},{"@type":"BreadcrumbList","@id":"https:\/\/mairie-corcieux.fr\/en\/association\/amitie-franco-italienne\/#breadcrumb","itemListElement":[{"@type":"ListItem","position":1,"name":"Accueil","item":"https:\/\/mairie-corcieux.fr\/en\/"},{"@type":"ListItem","position":2,"name":"Associations","item":"https:\/\/mairie-corcieux.fr\/en\/association\/"},{"@type":"ListItem","position":3,"name":"Amiti\u00e9 Franco-Italienne"}]},{"@type":"WebSite","@id":"https:\/\/mairie-corcieux.fr\/en\/#website","url":"https:\/\/mairie-corcieux.fr\/en\/","name":"Mairie Corcieux","description":"Mairie de Corcieux - Vosges","potentialAction":[{"@type":"SearchAction","target":{"@type":"EntryPoint","urlTemplate":"https:\/\/mairie-corcieux.fr\/en\/?s={search_term_string}"},"query-input":{"@type":"PropertyValueSpecification","valueRequired":true,"valueName":"search_term_string"}}],"inLanguage":"en-US"}]}},"jetpack_sharing_enabled":true,"_links":{"self":[{"href":"https:\/\/mairie-corcieux.fr\/en\/wp-json\/wp\/v2\/association\/3257","targetHints":{"allow":["GET"]}}],"collection":[{"href":"https:\/\/mairie-corcieux.fr\/en\/wp-json\/wp\/v2\/association"}],"about":[{"href":"https:\/\/mairie-corcieux.fr\/en\/wp-json\/wp\/v2\/types\/association"}],"wp:featuredmedia":[{"embeddable":true,"href":"https:\/\/mairie-corcieux.fr\/en\/wp-json\/wp\/v2\/media\/3258"}],"wp:attachment":[{"href":"https:\/\/mairie-corcieux.fr\/en\/wp-json\/wp\/v2\/media?parent=3257"}],"wp:term":[{"taxonomy":"domaine","embeddable":true,"href":"https:\/\/mairie-corcieux.fr\/en\/wp-json\/wp\/v2\/domaine?post=3257"}],"curies":[{"name":"wp","href":"https:\/\/api.w.org\/{rel}","templated":true}]}}

Amitié Franco-Italienne

<p><strong>OBJECTIF :</strong> L&#8217;association a pour objectif de créer, d&#8217;animer et développer les rencontres et les liens d&#8217;amitié&nbsp;entre la France et l&#8217;Italie. D&#8217;organiser des déplacements, sorties, séjours et voyages ainsi que diverses activités ou manifestations dans l&#8217;intérêt des membres. D&#8217;organiser et de coordonner des actions de solidarité, de loisirs culturels et sportifs (cuisine, repas organisé, etc&#8230;) .</p>



<p><strong>MANIFESTATIONS ENVISAGÉES</strong>&nbsp;: marché de noël de la Saint Nicolas vente de Chocolats chauds italiens et cappuccino et des pâtisseries, atelier fabrication de masques vénitiens&nbsp;+ dégustation de beignets et chocolat chaud italien, vide grenier, forum des associations, Beaujolais Italien&#8230;</p>

<!-- This site is optimized with the Yoast SEO plugin v27.5 - https://yoast.com/product/yoast-seo-wordpress/ -->
<title>Amitié Franco-Italienne - Mairie Corcieux</title>
<meta name="robots" content="index, follow, max-snippet:-1, max-image-preview:large, max-video-preview:-1" />
<link rel="canonical" href="https://mairie-corcieux.fr/en/association/amitie-franco-italienne/" />
<meta property="og:locale" content="en_US" />
<meta property="og:type" content="article" />
<meta property="og:title" content="Amitié Franco-Italienne - Mairie Corcieux" />
<meta property="og:description" content="OBJECTIF : L&#8217;association a pour objectif de créer, d&#8217;animer et développer les rencontres et les liens d&#8217;amitié&nbsp;entre la France et l&#8217;Italie. D&#8217;organiser des déplacements, sorties, séjours et voyages ainsi que diverses activités ou manifestations dans l&#8217;intérêt des membres. D&#8217;organiser et de coordonner des actions de solidarité, de loisirs culturels et sportifs (cuisine, repas organisé, etc&#8230;) [&hellip;]" />
<meta property="og:url" content="https://mairie-corcieux.fr/en/association/amitie-franco-italienne/" />
<meta property="og:site_name" content="Mairie Corcieux" />
<meta property="article:modified_time" content="2022-11-21T14:03:56+00:00" />
<meta property="og:image" content="https://mairie-corcieux.fr/wp-content/uploads/2022/11/drapeaux-francais-et-italien.jpg" />
	<meta property="og:image:width" content="800" />
	<meta property="og:image:height" content="543" />
	<meta property="og:image:type" content="image/jpeg" />
<meta name="twitter:card" content="summary_large_image" />
<meta name="twitter:label1" content="Est. reading time" />
	<meta name="twitter:data1" content="1 minute" />
<script type="application/ld+json" class="yoast-schema-graph">{"@context":"https:\/\/schema.org","@graph":[{"@type":"WebPage","@id":"https:\/\/mairie-corcieux.fr\/en\/association\/amitie-franco-italienne\/","url":"https:\/\/mairie-corcieux.fr\/en\/association\/amitie-franco-italienne\/","name":"Amitié Franco-Italienne - Mairie Corcieux","isPartOf":{"@id":"https:\/\/mairie-corcieux.fr\/en\/#website"},"primaryImageOfPage":{"@id":"https:\/\/mairie-corcieux.fr\/en\/association\/amitie-franco-italienne\/#primaryimage"},"image":{"@id":"https:\/\/mairie-corcieux.fr\/en\/association\/amitie-franco-italienne\/#primaryimage"},"thumbnailUrl":"https:\/\/mairie-corcieux.fr\/wp-content\/uploads\/2022\/11\/drapeaux-francais-et-italien.jpg","datePublished":"2022-11-21T14:00:14+00:00","dateModified":"2022-11-21T14:03:56+00:00","breadcrumb":{"@id":"https:\/\/mairie-corcieux.fr\/en\/association\/amitie-franco-italienne\/#breadcrumb"},"inLanguage":"en-US","potentialAction":[{"@type":"ReadAction","target":["https:\/\/mairie-corcieux.fr\/en\/association\/amitie-franco-italienne\/"]}]},{"@type":"ImageObject","inLanguage":"en-US","@id":"https:\/\/mairie-corcieux.fr\/en\/association\/amitie-franco-italienne\/#primaryimage","url":"https:\/\/mairie-corcieux.fr\/wp-content\/uploads\/2022\/11\/drapeaux-francais-et-italien.jpg","contentUrl":"https:\/\/mairie-corcieux.fr\/wp-content\/uploads\/2022\/11\/drapeaux-francais-et-italien.jpg","width":800,"height":543},{"@type":"BreadcrumbList","@id":"https:\/\/mairie-corcieux.fr\/en\/association\/amitie-franco-italienne\/#breadcrumb","itemListElement":[{"@type":"ListItem","position":1,"name":"Accueil","item":"https:\/\/mairie-corcieux.fr\/en\/"},{"@type":"ListItem","position":2,"name":"Associations","item":"https:\/\/mairie-corcieux.fr\/en\/association\/"},{"@type":"ListItem","position":3,"name":"Amitié Franco-Italienne"}]},{"@type":"WebSite","@id":"https:\/\/mairie-corcieux.fr\/en\/#website","url":"https:\/\/mairie-corcieux.fr\/en\/","name":"Mairie Corcieux","description":"Mairie de Corcieux - Vosges","potentialAction":[{"@type":"SearchAction","target":{"@type":"EntryPoint","urlTemplate":"https:\/\/mairie-corcieux.fr\/en\/?s={search_term_string}"},"query-input":{"@type":"PropertyValueSpecification","valueRequired":true,"valueName":"search_term_string"}}],"inLanguage":"en-US"}]}</script>
<!-- / Yoast SEO plugin. -->

Amitié Franco-Italienne - Mairie Corcieux

OBJECTIF : L&#8217;association a pour objectif de créer, d&#8217;animer et développer les rencontres et les liens d&#8217;amitié&nbsp;entre la France et l&#8217;Italie. D&#8217;organiser des déplacements, sorties, séjours et voyages ainsi que diverses activités ou manifestations dans l&#8217;intérêt des membres. D&#8217;organiser et de coordonner des actions de solidarité, de loisirs culturels et sportifs (cuisine, repas organisé, etc&#8230;) [&hellip;]
