{"id":1685,"date":"2022-02-09T15:00:51","date_gmt":"2022-02-09T14:00:51","guid":{"rendered":"http:\/\/mairie-corcieux.fr\/?post_type=association&#038;p=1685"},"modified":"2023-02-28T15:20:16","modified_gmt":"2023-02-28T14:20:16","slug":"syndicat-mixte-des-arts-vivants-culture-ecole-de-musique-theatre","status":"publish","type":"association","link":"https:\/\/mairie-corcieux.fr\/en\/association\/syndicat-mixte-des-arts-vivants-culture-ecole-de-musique-theatre\/","title":{"rendered":"Conservatoire Olivier-Douchain"},"content":{"rendered":"\n<p><strong>Directrice :<\/strong> V\u00e9ronique VALL\u00c9E<\/p>\n\n\n\n<p><strong>Email : <\/strong><a href=\"mailto:veronique.vallee@ca-saintdie.fr\">veronique.vallee@ca-saintdie.fr<\/a><\/p>\n\n\n\n<p><strong>Description : <\/strong>Cours instrumentaux, individuels et collectifs. \u00c9veil musical, chant choral, solf\u00e8ge.<\/p>\n","protected":false},"featured_media":0,"template":"","domaine":[15],"class_list":["post-1685","association","type-association","status-publish","hentry","domaine-culturel"],"acf":[],"yoast_head":"<!-- This site is optimized with the Yoast SEO plugin v27.5 - https:\/\/yoast.com\/product\/yoast-seo-wordpress\/ -->\n<title>Conservatoire Olivier-Douchain - Mairie Corcieux<\/title>\n<meta name=\"robots\" content=\"index, follow, max-snippet:-1, max-image-preview:large, max-video-preview:-1\" \/>\n<link rel=\"canonical\" href=\"https:\/\/mairie-corcieux.fr\/en\/association\/syndicat-mixte-des-arts-vivants-culture-ecole-de-musique-theatre\/\" \/>\n<meta property=\"og:locale\" content=\"en_US\" \/>\n<meta property=\"og:type\" content=\"article\" \/>\n<meta property=\"og:title\" content=\"Conservatoire Olivier-Douchain - Mairie Corcieux\" \/>\n<meta property=\"og:description\" content=\"Directrice : V\u00e9ronique VALL\u00c9E Email : veronique.vallee@ca-saintdie.fr Description : Cours instrumentaux, individuels et collectifs. \u00c9veil musical, chant choral, solf\u00e8ge.\" \/>\n<meta property=\"og:url\" content=\"https:\/\/mairie-corcieux.fr\/en\/association\/syndicat-mixte-des-arts-vivants-culture-ecole-de-musique-theatre\/\" \/>\n<meta property=\"og:site_name\" content=\"Mairie Corcieux\" \/>\n<meta property=\"article:modified_time\" content=\"2023-02-28T14:20:16+00:00\" \/>\n<meta name=\"twitter:card\" content=\"summary_large_image\" \/>\n<meta name=\"twitter:label1\" content=\"Est. reading time\" \/>\n\t<meta name=\"twitter:data1\" content=\"1 minute\" \/>\n<script type=\"application\/ld+json\" class=\"yoast-schema-graph\">{\"@context\":\"https:\\\/\\\/schema.org\",\"@graph\":[{\"@type\":\"WebPage\",\"@id\":\"https:\\\/\\\/mairie-corcieux.fr\\\/en\\\/association\\\/syndicat-mixte-des-arts-vivants-culture-ecole-de-musique-theatre\\\/\",\"url\":\"https:\\\/\\\/mairie-corcieux.fr\\\/en\\\/association\\\/syndicat-mixte-des-arts-vivants-culture-ecole-de-musique-theatre\\\/\",\"name\":\"Conservatoire Olivier-Douchain - Mairie Corcieux\",\"isPartOf\":{\"@id\":\"https:\\\/\\\/mairie-corcieux.fr\\\/en\\\/#website\"},\"datePublished\":\"2022-02-09T14:00:51+00:00\",\"dateModified\":\"2023-02-28T14:20:16+00:00\",\"breadcrumb\":{\"@id\":\"https:\\\/\\\/mairie-corcieux.fr\\\/en\\\/association\\\/syndicat-mixte-des-arts-vivants-culture-ecole-de-musique-theatre\\\/#breadcrumb\"},\"inLanguage\":\"en-US\",\"potentialAction\":[{\"@type\":\"ReadAction\",\"target\":[\"https:\\\/\\\/mairie-corcieux.fr\\\/en\\\/association\\\/syndicat-mixte-des-arts-vivants-culture-ecole-de-musique-theatre\\\/\"]}]},{\"@type\":\"BreadcrumbList\",\"@id\":\"https:\\\/\\\/mairie-corcieux.fr\\\/en\\\/association\\\/syndicat-mixte-des-arts-vivants-culture-ecole-de-musique-theatre\\\/#breadcrumb\",\"itemListElement\":[{\"@type\":\"ListItem\",\"position\":1,\"name\":\"Accueil\",\"item\":\"https:\\\/\\\/mairie-corcieux.fr\\\/en\\\/\"},{\"@type\":\"ListItem\",\"position\":2,\"name\":\"Associations\",\"item\":\"https:\\\/\\\/mairie-corcieux.fr\\\/en\\\/association\\\/\"},{\"@type\":\"ListItem\",\"position\":3,\"name\":\"Conservatoire Olivier-Douchain\"}]},{\"@type\":\"WebSite\",\"@id\":\"https:\\\/\\\/mairie-corcieux.fr\\\/en\\\/#website\",\"url\":\"https:\\\/\\\/mairie-corcieux.fr\\\/en\\\/\",\"name\":\"Mairie Corcieux\",\"description\":\"Mairie de Corcieux - Vosges\",\"potentialAction\":[{\"@type\":\"SearchAction\",\"target\":{\"@type\":\"EntryPoint\",\"urlTemplate\":\"https:\\\/\\\/mairie-corcieux.fr\\\/en\\\/?s={search_term_string}\"},\"query-input\":{\"@type\":\"PropertyValueSpecification\",\"valueRequired\":true,\"valueName\":\"search_term_string\"}}],\"inLanguage\":\"en-US\"}]}<\/script>\n<!-- \/ Yoast SEO plugin. -->","yoast_head_json":{"title":"Conservatoire Olivier-Douchain - Mairie Corcieux","robots":{"index":"index","follow":"follow","max-snippet":"max-snippet:-1","max-image-preview":"max-image-preview:large","max-video-preview":"max-video-preview:-1"},"canonical":"https:\/\/mairie-corcieux.fr\/en\/association\/syndicat-mixte-des-arts-vivants-culture-ecole-de-musique-theatre\/","og_locale":"en_US","og_type":"article","og_title":"Conservatoire Olivier-Douchain - Mairie Corcieux","og_description":"Directrice : V\u00e9ronique VALL\u00c9E Email : veronique.vallee@ca-saintdie.fr Description : Cours instrumentaux, individuels et collectifs. \u00c9veil musical, chant choral, solf\u00e8ge.","og_url":"https:\/\/mairie-corcieux.fr\/en\/association\/syndicat-mixte-des-arts-vivants-culture-ecole-de-musique-theatre\/","og_site_name":"Mairie Corcieux","article_modified_time":"2023-02-28T14:20:16+00:00","twitter_card":"summary_large_image","twitter_misc":{"Est. reading time":"1 minute"},"schema":{"@context":"https:\/\/schema.org","@graph":[{"@type":"WebPage","@id":"https:\/\/mairie-corcieux.fr\/en\/association\/syndicat-mixte-des-arts-vivants-culture-ecole-de-musique-theatre\/","url":"https:\/\/mairie-corcieux.fr\/en\/association\/syndicat-mixte-des-arts-vivants-culture-ecole-de-musique-theatre\/","name":"Conservatoire Olivier-Douchain - Mairie Corcieux","isPartOf":{"@id":"https:\/\/mairie-corcieux.fr\/en\/#website"},"datePublished":"2022-02-09T14:00:51+00:00","dateModified":"2023-02-28T14:20:16+00:00","breadcrumb":{"@id":"https:\/\/mairie-corcieux.fr\/en\/association\/syndicat-mixte-des-arts-vivants-culture-ecole-de-musique-theatre\/#breadcrumb"},"inLanguage":"en-US","potentialAction":[{"@type":"ReadAction","target":["https:\/\/mairie-corcieux.fr\/en\/association\/syndicat-mixte-des-arts-vivants-culture-ecole-de-musique-theatre\/"]}]},{"@type":"BreadcrumbList","@id":"https:\/\/mairie-corcieux.fr\/en\/association\/syndicat-mixte-des-arts-vivants-culture-ecole-de-musique-theatre\/#breadcrumb","itemListElement":[{"@type":"ListItem","position":1,"name":"Accueil","item":"https:\/\/mairie-corcieux.fr\/en\/"},{"@type":"ListItem","position":2,"name":"Associations","item":"https:\/\/mairie-corcieux.fr\/en\/association\/"},{"@type":"ListItem","position":3,"name":"Conservatoire Olivier-Douchain"}]},{"@type":"WebSite","@id":"https:\/\/mairie-corcieux.fr\/en\/#website","url":"https:\/\/mairie-corcieux.fr\/en\/","name":"Mairie Corcieux","description":"Mairie de Corcieux - Vosges","potentialAction":[{"@type":"SearchAction","target":{"@type":"EntryPoint","urlTemplate":"https:\/\/mairie-corcieux.fr\/en\/?s={search_term_string}"},"query-input":{"@type":"PropertyValueSpecification","valueRequired":true,"valueName":"search_term_string"}}],"inLanguage":"en-US"}]}},"jetpack_sharing_enabled":true,"_links":{"self":[{"href":"https:\/\/mairie-corcieux.fr\/en\/wp-json\/wp\/v2\/association\/1685","targetHints":{"allow":["GET"]}}],"collection":[{"href":"https:\/\/mairie-corcieux.fr\/en\/wp-json\/wp\/v2\/association"}],"about":[{"href":"https:\/\/mairie-corcieux.fr\/en\/wp-json\/wp\/v2\/types\/association"}],"wp:attachment":[{"href":"https:\/\/mairie-corcieux.fr\/en\/wp-json\/wp\/v2\/media?parent=1685"}],"wp:term":[{"taxonomy":"domaine","embeddable":true,"href":"https:\/\/mairie-corcieux.fr\/en\/wp-json\/wp\/v2\/domaine?post=1685"}],"curies":[{"name":"wp","href":"https:\/\/api.w.org\/{rel}","templated":true}]}}

<p><strong>Directrice :</strong> Véronique VALLÉE</p>



<p><strong>Email : </strong><a href="mailto:veronique.vallee@ca-saintdie.fr">veronique.vallee@ca-saintdie.fr</a></p>



<p><strong>Description : </strong>Cours instrumentaux, individuels et collectifs. Éveil musical, chant choral, solfège.</p>

<!-- This site is optimized with the Yoast SEO plugin v27.5 - https://yoast.com/product/yoast-seo-wordpress/ -->
<title>Conservatoire Olivier-Douchain - Mairie Corcieux</title>
<meta name="robots" content="index, follow, max-snippet:-1, max-image-preview:large, max-video-preview:-1" />
<link rel="canonical" href="https://mairie-corcieux.fr/en/association/syndicat-mixte-des-arts-vivants-culture-ecole-de-musique-theatre/" />
<meta property="og:locale" content="en_US" />
<meta property="og:type" content="article" />
<meta property="og:title" content="Conservatoire Olivier-Douchain - Mairie Corcieux" />
<meta property="og:description" content="Directrice : Véronique VALLÉE Email : veronique.vallee@ca-saintdie.fr Description : Cours instrumentaux, individuels et collectifs. Éveil musical, chant choral, solfège." />
<meta property="og:url" content="https://mairie-corcieux.fr/en/association/syndicat-mixte-des-arts-vivants-culture-ecole-de-musique-theatre/" />
<meta property="og:site_name" content="Mairie Corcieux" />
<meta property="article:modified_time" content="2023-02-28T14:20:16+00:00" />
<meta name="twitter:card" content="summary_large_image" />
<meta name="twitter:label1" content="Est. reading time" />
	<meta name="twitter:data1" content="1 minute" />
<script type="application/ld+json" class="yoast-schema-graph">{"@context":"https:\/\/schema.org","@graph":[{"@type":"WebPage","@id":"https:\/\/mairie-corcieux.fr\/en\/association\/syndicat-mixte-des-arts-vivants-culture-ecole-de-musique-theatre\/","url":"https:\/\/mairie-corcieux.fr\/en\/association\/syndicat-mixte-des-arts-vivants-culture-ecole-de-musique-theatre\/","name":"Conservatoire Olivier-Douchain - Mairie Corcieux","isPartOf":{"@id":"https:\/\/mairie-corcieux.fr\/en\/#website"},"datePublished":"2022-02-09T14:00:51+00:00","dateModified":"2023-02-28T14:20:16+00:00","breadcrumb":{"@id":"https:\/\/mairie-corcieux.fr\/en\/association\/syndicat-mixte-des-arts-vivants-culture-ecole-de-musique-theatre\/#breadcrumb"},"inLanguage":"en-US","potentialAction":[{"@type":"ReadAction","target":["https:\/\/mairie-corcieux.fr\/en\/association\/syndicat-mixte-des-arts-vivants-culture-ecole-de-musique-theatre\/"]}]},{"@type":"BreadcrumbList","@id":"https:\/\/mairie-corcieux.fr\/en\/association\/syndicat-mixte-des-arts-vivants-culture-ecole-de-musique-theatre\/#breadcrumb","itemListElement":[{"@type":"ListItem","position":1,"name":"Accueil","item":"https:\/\/mairie-corcieux.fr\/en\/"},{"@type":"ListItem","position":2,"name":"Associations","item":"https:\/\/mairie-corcieux.fr\/en\/association\/"},{"@type":"ListItem","position":3,"name":"Conservatoire Olivier-Douchain"}]},{"@type":"WebSite","@id":"https:\/\/mairie-corcieux.fr\/en\/#website","url":"https:\/\/mairie-corcieux.fr\/en\/","name":"Mairie Corcieux","description":"Mairie de Corcieux - Vosges","potentialAction":[{"@type":"SearchAction","target":{"@type":"EntryPoint","urlTemplate":"https:\/\/mairie-corcieux.fr\/en\/?s={search_term_string}"},"query-input":{"@type":"PropertyValueSpecification","valueRequired":true,"valueName":"search_term_string"}}],"inLanguage":"en-US"}]}</script>
<!-- / Yoast SEO plugin. -->

Directrice : Véronique VALLÉE Email : veronique.vallee@ca-saintdie.fr Description : Cours instrumentaux, individuels et collectifs. Éveil musical, chant choral, solfège.
